{"id":117222,"date":"2025-12-17T09:48:34","date_gmt":"2025-12-17T07:48:34","guid":{"rendered":"https:\/\/autostil.ba\/maloprodaja\/?post_type=product&#038;p=117222"},"modified":"2026-04-08T11:44:50","modified_gmt":"2026-04-08T09:44:50","slug":"odstranjivac-katrana-i-ljepila-500ml","status":"publish","type":"product","link":"https:\/\/autostil.ba\/maloprodaja\/proizvod\/12422\/odstranjivac-katrana-i-ljepila-500ml\/","title":{"rendered":"ODSTRANJIVA\u010c KATRANA I LJEPILA 500ml"},"content":{"rendered":"","protected":false},"excerpt":{"rendered":"<p>Bad Boys; Izuzetno jak preparat, namenjen brzom uklanjanju najtvr\u0111ih tragova katrana, asfaltnih mrlja i tragova kao i na suncu o\u010dvrslog lepka sa farbanih i staklenih povr\u0161ina. Preparat lako otapa mrlje od ulja i masno\u0107e. Tako\u0111er \u0107e ukloniti silikone, voskove i gumu zalijepljenu za povr\u0161inu. Preparat odmah reaguje na kontaminaciju katranom, reakcija se manifestira karakteristi\u010dnim kapanjem otopljenih \u010destica katrana u tamno sme\u0111oj boji. Posebno se preporu\u010duje za \u010di\u0161\u0107enje automobila prije poliranja ili nano\u0161enja voska, te kao jedna od faza &#8220;skidanja&#8221; kerami\u010dkih premaza. Izbjegavajte direktno izlaganje suncu. Proizvod je namijenjen za profesionalnu upotrebu.Na\u010din upotrebe: Uklonite tzv. &#8220;Road film&#8221; sa Trafic Film Remover (ako je potrebno), Isperite vodom pod pritiskom, Uklonite strugotine sa metalnih kuglica pomo\u0107u Iron Remover (ako je potrebno), Isperite vodom pod pritiskom i dobro operite auto sa \u0161amponom, na \u010distu i suhu podlogu automobila nanesite preparat prilo\u017eenim raspr\u0161iva\u010dem, ostavite sredstvo na elementu dok ne do\u0111e do reakcije, ne dozvolite da se osu\u0161i, radite na malim povr\u0161inama, razradite proizvod na povr\u0161ini sa mekom mikrovlaknom ili osjetljivom \u010detkom na te\u0161ko dostupnim mjestima kao \u0161to su felge, izbjegavaju\u0107i su\u0161enje, isperite vodom pod pritiskom i dobro operite auto \u0161amponom da biste uklonili ostatke preparata, po potrebi ponovite zadnja \u010detiri koraka.Preporuke: Preparat treba koristiti sa oprezom, posebno na folijama za promjenu boje automobila, PPF folijama i poklopcima lampi, jer preparat mo\u017ee ostaviti bijeli trag na njima. Pre upotrebe preparata na plastici, preparat treba testirati na te\u0161ko vidljivom mestu. Da ne biste o\u0161tetili prskalicu, isperite je s puno vode odmah nakon svake upotrebe kako biste uklonili nakupljeni preparat. Nemojte koristiti proizvod na direktnoj sun\u010devoj svjetlosti ili na vru\u0107im povr\u0161inama. Prije upotrebe provjerite djelovanje sredstva na te\u0161ko vidljivom mjestu. Nemojte koristiti proizvod na jednokomponentnom laku!<\/p>\n","protected":false},"featured_media":117223,"comment_status":"open","ping_status":"closed","template":"","meta":{"_acf_changed":false,"inline_featured_image":false},"product_brand":[],"product_cat":[164],"product_tag":[],"class_list":{"0":"post-117222","1":"product","2":"type-product","3":"status-publish","4":"has-post-thumbnail","6":"product_cat-car-detailing","8":"first","9":"instock","10":"taxable","11":"shipping-taxable","12":"purchasable","13":"product-type-simple"},"acf":[],"custom_product_id":"12422","_links":{"self":[{"href":"https:\/\/autostil.ba\/maloprodaja\/wp-json\/wp\/v2\/product\/117222","targetHints":{"allow":["GET"]}}],"collection":[{"href":"https:\/\/autostil.ba\/maloprodaja\/wp-json\/wp\/v2\/product"}],"about":[{"href":"https:\/\/autostil.ba\/maloprodaja\/wp-json\/wp\/v2\/types\/product"}],"replies":[{"embeddable":true,"href":"https:\/\/autostil.ba\/maloprodaja\/wp-json\/wp\/v2\/comments?post=117222"}],"version-history":[{"count":1,"href":"https:\/\/autostil.ba\/maloprodaja\/wp-json\/wp\/v2\/product\/117222\/revisions"}],"predecessor-version":[{"id":117224,"href":"https:\/\/autostil.ba\/maloprodaja\/wp-json\/wp\/v2\/product\/117222\/revisions\/117224"}],"wp:featuredmedia":[{"embeddable":true,"href":"https:\/\/autostil.ba\/maloprodaja\/wp-json\/wp\/v2\/media\/117223"}],"wp:attachment":[{"href":"https:\/\/autostil.ba\/maloprodaja\/wp-json\/wp\/v2\/media?parent=117222"}],"wp:term":[{"taxonomy":"product_brand","embeddable":true,"href":"https:\/\/autostil.ba\/maloprodaja\/wp-json\/wp\/v2\/product_brand?post=117222"},{"taxonomy":"product_cat","embeddable":true,"href":"https:\/\/autostil.ba\/maloprodaja\/wp-json\/wp\/v2\/product_cat?post=117222"},{"taxonomy":"product_tag","embeddable":true,"href":"https:\/\/autostil.ba\/maloprodaja\/wp-json\/wp\/v2\/product_tag?post=117222"}],"curies":[{"name":"wp","href":"https:\/\/api.w.org\/{rel}","templated":true}]}}