{"id":117162,"date":"2024-07-18T08:13:32","date_gmt":"2024-07-18T06:13:32","guid":{"rendered":"https:\/\/autostil.ba\/maloprodaja\/?post_type=product&#038;p=117162"},"modified":"2026-04-08T11:44:50","modified_gmt":"2026-04-08T09:44:50","slug":"keramika-za-auto-lak-detailing-150ml","status":"publish","type":"product","link":"https:\/\/autostil.ba\/maloprodaja\/proizvod\/12605\/keramika-za-auto-lak-detailing-150ml\/","title":{"rendered":"KERAMIKA ZA AUTO LAK DETAILING 150ml"},"content":{"rendered":"","protected":false},"excerpt":{"rendered":"<p>Izuzetno brz i jednostavan za kori\u0161tenje, posebno razvijen kozmeti\u010dki proizvod.<br \/>\nDizajniran za odr\u017eavanje i ishranu automobilskih boja za\u0161ti\u0107enih kerami\u010dkim premazom, kao i samodovoljan brzi detalj za za\u0161titu laka automobila.<br \/>\nZahvaljuju\u0107i visokom sadr\u017eaju aktivnog SiO2, produ\u017eava trajnost postoje\u0107e za\u0161tite i popunjava male nedostatke neprevu\u010dene boje, pru\u017eaju\u0107i efikasan i brz za\u0161titni premaz<\/p>\n<p>Upute za upotrebu:<\/p>\n<p>Nanesite na suhu i o\u010di\u0161\u0107enu povr\u0161inu.<br \/>\nLagano nanesite Detailer na aplikator od mekog mikrovlakana ili direktno na lak.<br \/>\nRadite rje\u0161enje u obliku re\u0161etke, osiguravaju\u0107i ravnomjernu pokrivenost, jedan po jedan panel.<br \/>\nOstavite proizvod da se osu\u0161i ne du\u017ee od 30 sekundi, izbjegavajte sunce i vru\u0107e nalete vjetra.<br \/>\nObri\u0161ite \u010distom i mekom krpom od mikrovlakana za maksimalan sjaj.<\/p>\n<p>Savjeti<\/p>\n<p>Za najbolje rezultate, nanesite proizvod na hladnom, zasjenjenom podru\u010dju i radite jednu po jednu plo\u010du kako biste osigurali da se proizvod ne osu\u0161i u potpunosti.<\/p>\n","protected":false},"featured_media":117163,"comment_status":"open","ping_status":"closed","template":"","meta":{"_acf_changed":false,"inline_featured_image":false},"product_brand":[],"product_cat":[164],"product_tag":[],"class_list":{"0":"post-117162","1":"product","2":"type-product","3":"status-publish","4":"has-post-thumbnail","6":"product_cat-car-detailing","8":"first","9":"instock","10":"taxable","11":"shipping-taxable","12":"purchasable","13":"product-type-simple"},"acf":[],"custom_product_id":"12605","_links":{"self":[{"href":"https:\/\/autostil.ba\/maloprodaja\/wp-json\/wp\/v2\/product\/117162","targetHints":{"allow":["GET"]}}],"collection":[{"href":"https:\/\/autostil.ba\/maloprodaja\/wp-json\/wp\/v2\/product"}],"about":[{"href":"https:\/\/autostil.ba\/maloprodaja\/wp-json\/wp\/v2\/types\/product"}],"replies":[{"embeddable":true,"href":"https:\/\/autostil.ba\/maloprodaja\/wp-json\/wp\/v2\/comments?post=117162"}],"version-history":[{"count":2,"href":"https:\/\/autostil.ba\/maloprodaja\/wp-json\/wp\/v2\/product\/117162\/revisions"}],"predecessor-version":[{"id":793050638,"href":"https:\/\/autostil.ba\/maloprodaja\/wp-json\/wp\/v2\/product\/117162\/revisions\/793050638"}],"wp:featuredmedia":[{"embeddable":true,"href":"https:\/\/autostil.ba\/maloprodaja\/wp-json\/wp\/v2\/media\/117163"}],"wp:attachment":[{"href":"https:\/\/autostil.ba\/maloprodaja\/wp-json\/wp\/v2\/media?parent=117162"}],"wp:term":[{"taxonomy":"product_brand","embeddable":true,"href":"https:\/\/autostil.ba\/maloprodaja\/wp-json\/wp\/v2\/product_brand?post=117162"},{"taxonomy":"product_cat","embeddable":true,"href":"https:\/\/autostil.ba\/maloprodaja\/wp-json\/wp\/v2\/product_cat?post=117162"},{"taxonomy":"product_tag","embeddable":true,"href":"https:\/\/autostil.ba\/maloprodaja\/wp-json\/wp\/v2\/product_tag?post=117162"}],"curies":[{"name":"wp","href":"https:\/\/api.w.org\/{rel}","templated":true}]}}