{"id":117122,"date":"2025-12-17T09:51:30","date_gmt":"2025-12-17T07:51:30","guid":{"rendered":"https:\/\/autostil.ba\/maloprodaja\/?post_type=product&#038;p=117122"},"modified":"2026-04-08T11:44:44","modified_gmt":"2026-04-08T09:44:44","slug":"keramicki-hidro-vosak-500ml","status":"publish","type":"product","link":"https:\/\/autostil.ba\/maloprodaja\/proizvod\/12606\/keramicki-hidro-vosak-500ml\/","title":{"rendered":"KERAMI\u010cKI HIDRO VOSAK 500ml"},"content":{"rendered":"","protected":false},"excerpt":{"rendered":"<p>BadBoys Ceramic Hydro Wax &#8211; visoko koncentrirani hidro vosak. Preparat se mo\u017ee koristiti za sve vrste i auto lakova. Bezbedan je za prethodno nanete za\u0161titne premaze.<\/p>\n<p>Svojstva:<br \/>\n&#8211; osigurava<br \/>\n&#8211; su\u0161i farbu automobila<br \/>\n&#8211; sija<br \/>\n&#8211; \u010dini boju skliskom, zahvaljuju\u0107i \u010demu automobil du\u017ee ostaje \u010dist<br \/>\n&#8211; ostavlja hidrofobni efekat<br \/>\n&#8211; prijatan miris mu\u0161kog parfema<\/p>\n<p>Posebno se preporu\u010duje za upotrebu u automatskim i ru\u010dnim autopraonicama.<\/p>\n<p>Razbla\u017eivanje: Preporu\u010deno do 1:100 (veoma dobar hidrofobni efekat) Odvla\u017eivanje 1:200 do \u010dak 1:500<\/p>\n<p>Preporuke: &#8211; \u010cuvati na suvom i hladnom mestu na temperaturi od 5 &#8211; 25 \u00b0C &#8211; Ne izlagati proizvod smrzavanju ili pregrijavanju &#8211; Protresti pre upotrebe &#8211; Testirati na neupadljivom mestu pre upotrebe &#8211; Ne ostavljati proizvod da se osu\u0161i.<\/p>\n","protected":false},"featured_media":117123,"comment_status":"open","ping_status":"closed","template":"","meta":{"_acf_changed":false,"inline_featured_image":false},"product_brand":[],"product_cat":[164],"product_tag":[],"class_list":{"0":"post-117122","1":"product","2":"type-product","3":"status-publish","4":"has-post-thumbnail","6":"product_cat-car-detailing","8":"first","9":"instock","10":"taxable","11":"shipping-taxable","12":"purchasable","13":"product-type-simple"},"acf":[],"custom_product_id":"12606","_links":{"self":[{"href":"https:\/\/autostil.ba\/maloprodaja\/wp-json\/wp\/v2\/product\/117122","targetHints":{"allow":["GET"]}}],"collection":[{"href":"https:\/\/autostil.ba\/maloprodaja\/wp-json\/wp\/v2\/product"}],"about":[{"href":"https:\/\/autostil.ba\/maloprodaja\/wp-json\/wp\/v2\/types\/product"}],"replies":[{"embeddable":true,"href":"https:\/\/autostil.ba\/maloprodaja\/wp-json\/wp\/v2\/comments?post=117122"}],"version-history":[{"count":2,"href":"https:\/\/autostil.ba\/maloprodaja\/wp-json\/wp\/v2\/product\/117122\/revisions"}],"predecessor-version":[{"id":793050640,"href":"https:\/\/autostil.ba\/maloprodaja\/wp-json\/wp\/v2\/product\/117122\/revisions\/793050640"}],"wp:featuredmedia":[{"embeddable":true,"href":"https:\/\/autostil.ba\/maloprodaja\/wp-json\/wp\/v2\/media\/117123"}],"wp:attachment":[{"href":"https:\/\/autostil.ba\/maloprodaja\/wp-json\/wp\/v2\/media?parent=117122"}],"wp:term":[{"taxonomy":"product_brand","embeddable":true,"href":"https:\/\/autostil.ba\/maloprodaja\/wp-json\/wp\/v2\/product_brand?post=117122"},{"taxonomy":"product_cat","embeddable":true,"href":"https:\/\/autostil.ba\/maloprodaja\/wp-json\/wp\/v2\/product_cat?post=117122"},{"taxonomy":"product_tag","embeddable":true,"href":"https:\/\/autostil.ba\/maloprodaja\/wp-json\/wp\/v2\/product_tag?post=117122"}],"curies":[{"name":"wp","href":"https:\/\/api.w.org\/{rel}","templated":true}]}}