{"id":117032,"date":"2024-07-18T08:13:27","date_gmt":"2024-07-18T06:13:27","guid":{"rendered":"https:\/\/autostil.ba\/maloprodaja\/?post_type=product&#038;p=117032"},"modified":"2026-04-08T11:44:38","modified_gmt":"2026-04-08T09:44:38","slug":"keramicki-premaz-za-plastiku-150ml","status":"publish","type":"product","link":"https:\/\/autostil.ba\/maloprodaja\/proizvod\/12427\/keramicki-premaz-za-plastiku-150ml\/","title":{"rendered":"KERAMI\u010cKI PREMAZ ZA PLASTIKU 150ml"},"content":{"rendered":"","protected":false},"excerpt":{"rendered":"<p>RRCustoms BadBoys vanjska kerami\u010dka plasti\u010dna obloga<br \/>\nje izuzetno izdr\u017eljiv preparat koji koristi najnoviju kerami\u010dku tehnologiju baziranu na aktivnom SiO2 za postizanje duboke veze s porama plasti\u010dnih povr\u0161ina izvan vozila. Vanjska kerami\u010dka plasti\u010dna obloga mo\u017ee se koristiti na svim vanjskim plasti\u010dnim dijelovima, a zahvaljuju\u0107i otpornosti na visoke temperature, \u010dak iu motornom prostoru. Preparat \u0161titi plastiku od \u0161tetnog djelovanja UV zra\u010denja, a sadr\u017eaj SiO2 stvara hidrofobni sloj koji sprje\u010dava talo\u017eenje prljav\u0161tine. Hrani izblijedjelu plastiku i \u0161titi je od gubitka boje, \u010dine\u0107i povr\u0161inu svje\u017eom i skliskom dugo vremena.<br \/>\nUpute za upotrebu:<br \/>\nNanesite na temeljno \u010distu i suhu povr\u0161inu spoljne plastike.<br \/>\nNanesite malu koli\u010dinu na mekani aplikator od mikrovlakana, \u010detkicu ili sun\u0111er.<br \/>\nUtrljajte u povr\u0161inu plastike, osiguravaju\u0107i ravnomjernu pokrivenost, izbjegavajte kontakt sa bojom.<br \/>\nOstavite da se upije oko 2 minute, nemojte dozvoliti da se potpuno osu\u0161i.<br \/>\nObri\u0161ite sav vi\u0161ak \u010distim ru\u010dnikom od mikrovlakana koji ne ostavlja dla\u010dice.<br \/>\nPreporuka:<br \/>\nZa najbolje rezultate, povr\u0161ina mora biti \u0161to \u010distija i potpuno suha prije nano\u0161enja vanjske kerami\u010dke plasti\u010dne obloge na plastiku, za ovo preporu\u010dujemo Bad Boys Plastic Cleaner ili Bad Boys All Purpose Cleaner. Imajte na umu da povr\u0161ina postaje vrlo klizava kada je u kontaktu s vodom, kako biste eliminirali rizik od pada, budite oprezni s plasti\u010dnim stepenicama ili plasti\u010dnim nosa\u010dima tereta itd.<\/p>\n","protected":false},"featured_media":793044922,"comment_status":"open","ping_status":"closed","template":"","meta":{"_acf_changed":false,"inline_featured_image":false},"product_brand":[],"product_cat":[164],"product_tag":[],"class_list":{"0":"post-117032","1":"product","2":"type-product","3":"status-publish","4":"has-post-thumbnail","6":"product_cat-car-detailing","8":"first","9":"instock","10":"taxable","11":"shipping-taxable","12":"purchasable","13":"product-type-simple"},"acf":[],"custom_product_id":"12427","_links":{"self":[{"href":"https:\/\/autostil.ba\/maloprodaja\/wp-json\/wp\/v2\/product\/117032","targetHints":{"allow":["GET"]}}],"collection":[{"href":"https:\/\/autostil.ba\/maloprodaja\/wp-json\/wp\/v2\/product"}],"about":[{"href":"https:\/\/autostil.ba\/maloprodaja\/wp-json\/wp\/v2\/types\/product"}],"replies":[{"embeddable":true,"href":"https:\/\/autostil.ba\/maloprodaja\/wp-json\/wp\/v2\/comments?post=117032"}],"version-history":[{"count":2,"href":"https:\/\/autostil.ba\/maloprodaja\/wp-json\/wp\/v2\/product\/117032\/revisions"}],"predecessor-version":[{"id":793044923,"href":"https:\/\/autostil.ba\/maloprodaja\/wp-json\/wp\/v2\/product\/117032\/revisions\/793044923"}],"wp:featuredmedia":[{"embeddable":true,"href":"https:\/\/autostil.ba\/maloprodaja\/wp-json\/wp\/v2\/media\/793044922"}],"wp:attachment":[{"href":"https:\/\/autostil.ba\/maloprodaja\/wp-json\/wp\/v2\/media?parent=117032"}],"wp:term":[{"taxonomy":"product_brand","embeddable":true,"href":"https:\/\/autostil.ba\/maloprodaja\/wp-json\/wp\/v2\/product_brand?post=117032"},{"taxonomy":"product_cat","embeddable":true,"href":"https:\/\/autostil.ba\/maloprodaja\/wp-json\/wp\/v2\/product_cat?post=117032"},{"taxonomy":"product_tag","embeddable":true,"href":"https:\/\/autostil.ba\/maloprodaja\/wp-json\/wp\/v2\/product_tag?post=117032"}],"curies":[{"name":"wp","href":"https:\/\/api.w.org\/{rel}","templated":true}]}}