{"id":116952,"date":"2024-07-18T08:13:24","date_gmt":"2024-07-18T06:13:24","guid":{"rendered":"https:\/\/autostil.ba\/maloprodaja\/?post_type=product&#038;p=116952"},"modified":"2026-04-08T11:44:33","modified_gmt":"2026-04-08T09:44:33","slug":"tecnost-za-ciscenje-plastike-1l-sa-mirisom-bubble-gum","status":"publish","type":"product","link":"https:\/\/autostil.ba\/maloprodaja\/proizvod\/12420\/tecnost-za-ciscenje-plastike-1l-sa-mirisom-bubble-gum\/","title":{"rendered":"TE\u010cNOST ZA \u010cI\u0160\u0106ENJE PLASTIKE 1L SA MIRISOM BUBBLE GUM"},"content":{"rendered":"","protected":false},"excerpt":{"rendered":"<p>RRCustoms BadBoys Plastic Cleaner Boys Perfume Scented<br \/>\nSredstvo za \u010di\u0161\u0107enje povr\u0161ina od tvrdih plasti\u010dnih materijala u eksterijerima i unutra\u0161njosti automobila. Idealan je za pripremu elemenata za nano\u0161enje obloge. Preparat je spreman za upotrebu. Nakon \u010di\u0161\u0107enja, povr\u0161inu nije potrebno ispirati. Efikasno se nosi sa prljav\u0161tinom, ostavljaju\u0107i \u010distu, prirodnu plasti\u010dnu povr\u0161inu. Proizvod sa mirisom \u017evaka\u0107e gume.<br \/>\nkarakteristike proizvoda:<br \/>\nProizvod dizajniran za \u010di\u0161\u0107enje tvrde plastike (npr. stranice vrata, elementi kokpita);<br \/>\nVra\u0107a \u010dist i prirodan izgled materijala;<br \/>\nProizvod spreman za upotrebu; ne zahtijevaju ispiranje nakon nano\u0161enja;<br \/>\nMiris \u017evaka\u0107e gume; siguran za o\u010di\u0161\u0107enu povr\u0161inu;<br \/>\nPreporu\u010duje se prije nano\u0161enja unutra\u0161njih i vanjskih zavoja;<br \/>\nUpotreba:<br \/>\nProtresti prije upotrebe;<br \/>\nNanesite malu koli\u010dinu pjene na krpu od mikrovlakana ili mekanu \u010detku;<br \/>\nSkupite vi\u0161ak proizvoda i otopljenu prljav\u0161tinu, obri\u0161ite krpom od mikrovlakana;<br \/>\nU slu\u010daju kori\u0161tenja Interior Dressing BadBoys na plasti\u010dnoj povr\u0161ini, pri\u010dekajte nekoliko minuta da preparat potpuno ispari;<br \/>\nAko je komponenta jako zaprljana, ponovite gore navedene korake;<br \/>\nPreporuke:<br \/>\n\u010cuvati na suvom i hladnom mestu na 10-25?<br \/>\nPrije nano\u0161enja, uvjerite se da je povr\u0161ina koju \u010distite hladna, ne nanositi na direktnom suncu<\/p>\n","protected":false},"featured_media":793044927,"comment_status":"open","ping_status":"closed","template":"","meta":{"_acf_changed":false,"inline_featured_image":false},"product_brand":[],"product_cat":[164],"product_tag":[],"class_list":{"0":"post-116952","1":"product","2":"type-product","3":"status-publish","4":"has-post-thumbnail","6":"product_cat-car-detailing","8":"first","9":"instock","10":"taxable","11":"shipping-taxable","12":"purchasable","13":"product-type-simple"},"acf":[],"custom_product_id":"12420","_links":{"self":[{"href":"https:\/\/autostil.ba\/maloprodaja\/wp-json\/wp\/v2\/product\/116952","targetHints":{"allow":["GET"]}}],"collection":[{"href":"https:\/\/autostil.ba\/maloprodaja\/wp-json\/wp\/v2\/product"}],"about":[{"href":"https:\/\/autostil.ba\/maloprodaja\/wp-json\/wp\/v2\/types\/product"}],"replies":[{"embeddable":true,"href":"https:\/\/autostil.ba\/maloprodaja\/wp-json\/wp\/v2\/comments?post=116952"}],"version-history":[{"count":2,"href":"https:\/\/autostil.ba\/maloprodaja\/wp-json\/wp\/v2\/product\/116952\/revisions"}],"predecessor-version":[{"id":793044928,"href":"https:\/\/autostil.ba\/maloprodaja\/wp-json\/wp\/v2\/product\/116952\/revisions\/793044928"}],"wp:featuredmedia":[{"embeddable":true,"href":"https:\/\/autostil.ba\/maloprodaja\/wp-json\/wp\/v2\/media\/793044927"}],"wp:attachment":[{"href":"https:\/\/autostil.ba\/maloprodaja\/wp-json\/wp\/v2\/media?parent=116952"}],"wp:term":[{"taxonomy":"product_brand","embeddable":true,"href":"https:\/\/autostil.ba\/maloprodaja\/wp-json\/wp\/v2\/product_brand?post=116952"},{"taxonomy":"product_cat","embeddable":true,"href":"https:\/\/autostil.ba\/maloprodaja\/wp-json\/wp\/v2\/product_cat?post=116952"},{"taxonomy":"product_tag","embeddable":true,"href":"https:\/\/autostil.ba\/maloprodaja\/wp-json\/wp\/v2\/product_tag?post=116952"}],"curies":[{"name":"wp","href":"https:\/\/api.w.org\/{rel}","templated":true}]}}