{"id":116882,"date":"2024-07-18T08:13:21","date_gmt":"2024-07-18T06:13:21","guid":{"rendered":"https:\/\/autostil.ba\/maloprodaja\/?post_type=product&#038;p=116882"},"modified":"2026-04-08T11:44:32","modified_gmt":"2026-04-08T09:44:32","slug":"sredstvo-za-dekontaminaciju-laka-1l","status":"publish","type":"product","link":"https:\/\/autostil.ba\/maloprodaja\/proizvod\/12417\/sredstvo-za-dekontaminaciju-laka-1l\/","title":{"rendered":"SREDSTVO ZA DEKONTAMINACIJU LAKA 1L"},"content":{"rendered":"","protected":false},"excerpt":{"rendered":"<p>RRCustoms BadBoys Iron Remover<br \/>\nProizvod namijenjen uklanjanju zaga\u0111iva\u010da \u017eeljeza sa boja i staklenih povr\u0161ina. Zahvaljuju\u0107i posebnim sredstvima za vla\u017eenje, Iron Remover efikasno zasi\u0107uje povr\u0161inu i mo\u017ee ostati na boji 15 minuta ili vi\u0161e bez isu\u0161ivanja.<br \/>\nUpotreba:<br \/>\n\u2022 dobro protresti bocu prije upotrebe;<br \/>\n\u2022 Iron Remover treba nanijeti na \u010distu povr\u0161inu;<br \/>\n\u2022 ako se nanese na prljavu boju, proizvod mo\u017eda ne\u0107e raditi po \u017eelji;<br \/>\n\u2022 nanijeti tanak ravnomjeran sloj na povr\u0161inu koju treba dekontaminirati;<br \/>\n\u2022 u zavisnosti od stepena kontaminacije,<br \/>\n\u2022 ostavite na laku do 15 minuta;<br \/>\n\u2022 temeljito isperite vodom; ponovite ove korake ako je potrebno.<br \/>\nPreporuke:<br \/>\n\u2022 prije prve upotrebe, testirajte proizvod na manje vidljivom mjestu;<br \/>\n\u2022 za\u0161titite ko\u017eu tokom nano\u0161enja;<br \/>\n\u2022 proizvod mo\u017ee biti iritantan za ko\u017eu;<br \/>\n\u2022 koristiti za\u0161titne rukavice\/odje\u0107u\/za\u0161titu za o\u010di\/za\u0161titu za lice;<br \/>\n\u2022 nakon upotrebe temeljito operite ruke;<br \/>\n\u2022 ne izlagati smrzavanju ili pregrijavanju;<br \/>\n\u2022 ne ostavljati da se osu\u0161i;<br \/>\n\u2022 prije nano\u0161enja uvjerite se da je povr\u0161ina koju \u0107ete \u010distiti hladna, ne nanositi na direktnom suncu i kada je izlo\u017een vjetru;<br \/>\n\u2022 \u010duvati izvan dohvata djece; \u010duvati na suvom i hladnom mestu na 5-25\u00b0C; ne koristiti na neobojenoj plastici;<br \/>\n\u2022 za profesionalnu upotrebu.<\/p>\n","protected":false},"featured_media":116883,"comment_status":"open","ping_status":"closed","template":"","meta":{"_acf_changed":false,"inline_featured_image":false},"product_brand":[],"product_cat":[164],"product_tag":[],"class_list":{"0":"post-116882","1":"product","2":"type-product","3":"status-publish","4":"has-post-thumbnail","6":"product_cat-car-detailing","8":"first","9":"instock","10":"taxable","11":"shipping-taxable","12":"purchasable","13":"product-type-simple"},"acf":[],"custom_product_id":"12417","_links":{"self":[{"href":"https:\/\/autostil.ba\/maloprodaja\/wp-json\/wp\/v2\/product\/116882","targetHints":{"allow":["GET"]}}],"collection":[{"href":"https:\/\/autostil.ba\/maloprodaja\/wp-json\/wp\/v2\/product"}],"about":[{"href":"https:\/\/autostil.ba\/maloprodaja\/wp-json\/wp\/v2\/types\/product"}],"replies":[{"embeddable":true,"href":"https:\/\/autostil.ba\/maloprodaja\/wp-json\/wp\/v2\/comments?post=116882"}],"version-history":[{"count":2,"href":"https:\/\/autostil.ba\/maloprodaja\/wp-json\/wp\/v2\/product\/116882\/revisions"}],"predecessor-version":[{"id":793050634,"href":"https:\/\/autostil.ba\/maloprodaja\/wp-json\/wp\/v2\/product\/116882\/revisions\/793050634"}],"wp:featuredmedia":[{"embeddable":true,"href":"https:\/\/autostil.ba\/maloprodaja\/wp-json\/wp\/v2\/media\/116883"}],"wp:attachment":[{"href":"https:\/\/autostil.ba\/maloprodaja\/wp-json\/wp\/v2\/media?parent=116882"}],"wp:term":[{"taxonomy":"product_brand","embeddable":true,"href":"https:\/\/autostil.ba\/maloprodaja\/wp-json\/wp\/v2\/product_brand?post=116882"},{"taxonomy":"product_cat","embeddable":true,"href":"https:\/\/autostil.ba\/maloprodaja\/wp-json\/wp\/v2\/product_cat?post=116882"},{"taxonomy":"product_tag","embeddable":true,"href":"https:\/\/autostil.ba\/maloprodaja\/wp-json\/wp\/v2\/product_tag?post=116882"}],"curies":[{"name":"wp","href":"https:\/\/api.w.org\/{rel}","templated":true}]}}