{"id":116802,"date":"2024-07-18T08:13:18","date_gmt":"2024-07-18T06:13:18","guid":{"rendered":"https:\/\/autostil.ba\/maloprodaja\/?post_type=product&#038;p=116802"},"modified":"2026-04-08T11:44:27","modified_gmt":"2026-04-08T09:44:27","slug":"pjena-za-ciscenje-tkanine-siceva-1l","status":"publish","type":"product","link":"https:\/\/autostil.ba\/maloprodaja\/proizvod\/12441\/pjena-za-ciscenje-tkanine-siceva-1l\/","title":{"rendered":"PJENA ZA \u010cI\u0160\u0106ENJE TKANINE &#8211; SICEVA 1L"},"content":{"rendered":"","protected":false},"excerpt":{"rendered":"<p>RRCustoms BadBoys pjena za \u010di\u0161\u0107enje presvlaka<br \/>\nEfikasan je koncentrat sa visokim stepenom pjene namijenjen \u010di\u0161\u0107enju razli\u010ditih vrsta tkanina. Posebno se preporu\u010duje za uklanjanje prljav\u0161tine sa auto sjedala, tepiha, podnih obloga i tepiha.<br \/>\nUpotreba:<br \/>\nTemeljno usisajte povr\u0161inu koju treba o\u010distiti;<br \/>\nDobro protresti bocu prije upotrebe;<br \/>\nKoncentrat razrijediti vodom, cca. 1:20 za svijetle mrlje; 1:10 ili 1:8 za velika zaprljanja; ovaj proizvod se mo\u017ee koristiti nerazrije\u0111en kao te\u0161ko sredstvo za uklanjanje mrlja; nanesite \u010detkom ili sun\u0111erom; protresati kru\u017enim ili unakrsnim pokretima, ovisno o povr\u0161ini;<br \/>\nObratite pa\u017enju prilikom \u010di\u0161\u0107enja povr\u0161ine i po potrebi isperite \u010detku ili spu\u017evu u \u010distoj vodi;<br \/>\nIzvu\u0107i \u0161to je vi\u0161e mogu\u0107e rastvora sa povr\u0161ine;<br \/>\nObri\u0161ite povr\u0161inu \u010distom krpom.<br \/>\nPreporuke:<\/p>\n<p>Prije prve upotrebe, testirajte na neupadljivom podru\u010dju kako biste osigurali zadovoljavaju\u0107e rezultate; prilikom nano\u0161enja za\u0161titite ko\u017eu; ovaj proizvod je iritantan, koristite za\u0161titne rukavice \/ za\u0161titu za o\u010di \/ za\u0161titu za lice; nakon upotrebe temeljito operite ruke; \u010duvati na hladnom i suvom mestu na 5 \u2013 25\u00b0C; ne dozvolite da se ovaj proizvod zamrzne i ne izla\u017eite preterano UV zra\u010denju ili dozvolite da se pregrije; \u010duvati izvan dohvata djece.<\/p>\n","protected":false},"featured_media":116803,"comment_status":"open","ping_status":"closed","template":"","meta":{"_acf_changed":false,"inline_featured_image":false},"product_brand":[],"product_cat":[164],"product_tag":[],"class_list":{"0":"post-116802","1":"product","2":"type-product","3":"status-publish","4":"has-post-thumbnail","6":"product_cat-car-detailing","8":"first","9":"instock","10":"taxable","11":"shipping-taxable","12":"purchasable","13":"product-type-simple"},"acf":[],"custom_product_id":"12441","_links":{"self":[{"href":"https:\/\/autostil.ba\/maloprodaja\/wp-json\/wp\/v2\/product\/116802","targetHints":{"allow":["GET"]}}],"collection":[{"href":"https:\/\/autostil.ba\/maloprodaja\/wp-json\/wp\/v2\/product"}],"about":[{"href":"https:\/\/autostil.ba\/maloprodaja\/wp-json\/wp\/v2\/types\/product"}],"replies":[{"embeddable":true,"href":"https:\/\/autostil.ba\/maloprodaja\/wp-json\/wp\/v2\/comments?post=116802"}],"version-history":[{"count":2,"href":"https:\/\/autostil.ba\/maloprodaja\/wp-json\/wp\/v2\/product\/116802\/revisions"}],"predecessor-version":[{"id":793050635,"href":"https:\/\/autostil.ba\/maloprodaja\/wp-json\/wp\/v2\/product\/116802\/revisions\/793050635"}],"wp:featuredmedia":[{"embeddable":true,"href":"https:\/\/autostil.ba\/maloprodaja\/wp-json\/wp\/v2\/media\/116803"}],"wp:attachment":[{"href":"https:\/\/autostil.ba\/maloprodaja\/wp-json\/wp\/v2\/media?parent=116802"}],"wp:term":[{"taxonomy":"product_brand","embeddable":true,"href":"https:\/\/autostil.ba\/maloprodaja\/wp-json\/wp\/v2\/product_brand?post=116802"},{"taxonomy":"product_cat","embeddable":true,"href":"https:\/\/autostil.ba\/maloprodaja\/wp-json\/wp\/v2\/product_cat?post=116802"},{"taxonomy":"product_tag","embeddable":true,"href":"https:\/\/autostil.ba\/maloprodaja\/wp-json\/wp\/v2\/product_tag?post=116802"}],"curies":[{"name":"wp","href":"https:\/\/api.w.org\/{rel}","templated":true}]}}