{"id":116712,"date":"2024-12-03T09:41:14","date_gmt":"2024-12-03T07:41:14","guid":{"rendered":"https:\/\/autostil.ba\/maloprodaja\/?post_type=product&#038;p=116712"},"modified":"2026-04-08T11:44:21","modified_gmt":"2026-04-08T09:44:21","slug":"kokpit-sprej-amtra-750ml-vanilija","status":"publish","type":"product","link":"https:\/\/autostil.ba\/maloprodaja\/proizvod\/4157\/kokpit-sprej-amtra-750ml-vanilija\/","title":{"rendered":"KOKPIT SPREJ AMTRA 750ml VANILIJA"},"content":{"rendered":"","protected":false},"excerpt":{"rendered":"<p>KOKPIT SPREJ AMTRA 750ml VANILIJA<br \/>\nKokpit sprej,\u010dista\u010d kabine. \u010cisti i odr\u017eava sve plasti\u010dne komponente unutar automobila. Antistati\u010dki preparat &#8211; smanjuje mogu\u0107nost ponovnog talo\u017eenja pra\u0161ine. O\u010di\u0161\u0107ene povr\u0161ine ostavlja sjajne, \u0161to im daje ugodan miris, odla\u017ee proces starenja plastike.Prije upotrebe protresite posudu.Nanesite direktno na povr\u0161inu koju o\u010distite i polirajte mekom krpom ili krpom i ravnomjerno rasporedite.Ne prskajte upravlja\u010d, papu\u010dice ili prozore.<\/p>\n","protected":false},"featured_media":793047094,"comment_status":"open","ping_status":"closed","template":"","meta":{"_acf_changed":false,"inline_featured_image":false},"product_brand":[],"product_cat":[73],"product_tag":[],"class_list":{"0":"post-116712","1":"product","2":"type-product","3":"status-publish","4":"has-post-thumbnail","6":"product_cat-sredstva-za-pranje-i-odrzavanje","8":"first","9":"instock","10":"taxable","11":"shipping-taxable","12":"purchasable","13":"product-type-simple"},"acf":[],"custom_product_id":"4157","_links":{"self":[{"href":"https:\/\/autostil.ba\/maloprodaja\/wp-json\/wp\/v2\/product\/116712","targetHints":{"allow":["GET"]}}],"collection":[{"href":"https:\/\/autostil.ba\/maloprodaja\/wp-json\/wp\/v2\/product"}],"about":[{"href":"https:\/\/autostil.ba\/maloprodaja\/wp-json\/wp\/v2\/types\/product"}],"replies":[{"embeddable":true,"href":"https:\/\/autostil.ba\/maloprodaja\/wp-json\/wp\/v2\/comments?post=116712"}],"version-history":[{"count":1,"href":"https:\/\/autostil.ba\/maloprodaja\/wp-json\/wp\/v2\/product\/116712\/revisions"}],"predecessor-version":[{"id":116714,"href":"https:\/\/autostil.ba\/maloprodaja\/wp-json\/wp\/v2\/product\/116712\/revisions\/116714"}],"wp:featuredmedia":[{"embeddable":true,"href":"https:\/\/autostil.ba\/maloprodaja\/wp-json\/wp\/v2\/media\/793047094"}],"wp:attachment":[{"href":"https:\/\/autostil.ba\/maloprodaja\/wp-json\/wp\/v2\/media?parent=116712"}],"wp:term":[{"taxonomy":"product_brand","embeddable":true,"href":"https:\/\/autostil.ba\/maloprodaja\/wp-json\/wp\/v2\/product_brand?post=116712"},{"taxonomy":"product_cat","embeddable":true,"href":"https:\/\/autostil.ba\/maloprodaja\/wp-json\/wp\/v2\/product_cat?post=116712"},{"taxonomy":"product_tag","embeddable":true,"href":"https:\/\/autostil.ba\/maloprodaja\/wp-json\/wp\/v2\/product_tag?post=116712"}],"curies":[{"name":"wp","href":"https:\/\/api.w.org\/{rel}","templated":true}]}}