{"id":116582,"date":"2024-12-03T09:36:09","date_gmt":"2024-12-03T07:36:09","guid":{"rendered":"https:\/\/autostil.ba\/maloprodaja\/?post_type=product&#038;p=116582"},"modified":"2026-04-28T19:58:16","modified_gmt":"2026-04-28T17:58:16","slug":"maramice-za-ciscenje-instrument-table-24-komada-amtra","status":"publish","type":"product","link":"https:\/\/autostil.ba\/maloprodaja\/proizvod\/3357\/maramice-za-ciscenje-instrument-table-24-komada-amtra\/","title":{"rendered":"MARAMICE ZA \u010cI\u0160\u0106ENJE INSTRUMENT TABLE 24 komada AMTRA"},"content":{"rendered":"","protected":false},"excerpt":{"rendered":"<p>MARAMICE ZA \u010cI\u0160\u0106ENJE INSTRUMENT TABLE 24 komada AMTRA Antistati\u010dke maramice za \u010di\u0161\u0107enje instrument table jednostavne su za upotrebu. Napravljena od vrhunske tkanine impregnirane u\u010dinkovitim formulama za \u010di\u0161\u0107enje koje su sigurne za kontakt s ko\u017eom. O\u010di\u0161\u0107enoj povr\u0161ini daje sjaj. 24 maramice po paketu.<\/p>\n","protected":false},"featured_media":793045136,"comment_status":"open","ping_status":"closed","template":"","meta":{"_acf_changed":false,"inline_featured_image":false},"product_brand":[],"product_cat":[73],"product_tag":[],"class_list":{"0":"post-116582","1":"product","2":"type-product","3":"status-publish","4":"has-post-thumbnail","6":"product_cat-sredstva-za-pranje-i-odrzavanje","8":"first","9":"instock","10":"taxable","11":"shipping-taxable","12":"purchasable","13":"product-type-simple"},"acf":[],"custom_product_id":"3357","_links":{"self":[{"href":"https:\/\/autostil.ba\/maloprodaja\/wp-json\/wp\/v2\/product\/116582","targetHints":{"allow":["GET"]}}],"collection":[{"href":"https:\/\/autostil.ba\/maloprodaja\/wp-json\/wp\/v2\/product"}],"about":[{"href":"https:\/\/autostil.ba\/maloprodaja\/wp-json\/wp\/v2\/types\/product"}],"replies":[{"embeddable":true,"href":"https:\/\/autostil.ba\/maloprodaja\/wp-json\/wp\/v2\/comments?post=116582"}],"version-history":[{"count":1,"href":"https:\/\/autostil.ba\/maloprodaja\/wp-json\/wp\/v2\/product\/116582\/revisions"}],"predecessor-version":[{"id":116584,"href":"https:\/\/autostil.ba\/maloprodaja\/wp-json\/wp\/v2\/product\/116582\/revisions\/116584"}],"wp:featuredmedia":[{"embeddable":true,"href":"https:\/\/autostil.ba\/maloprodaja\/wp-json\/wp\/v2\/media\/793045136"}],"wp:attachment":[{"href":"https:\/\/autostil.ba\/maloprodaja\/wp-json\/wp\/v2\/media?parent=116582"}],"wp:term":[{"taxonomy":"product_brand","embeddable":true,"href":"https:\/\/autostil.ba\/maloprodaja\/wp-json\/wp\/v2\/product_brand?post=116582"},{"taxonomy":"product_cat","embeddable":true,"href":"https:\/\/autostil.ba\/maloprodaja\/wp-json\/wp\/v2\/product_cat?post=116582"},{"taxonomy":"product_tag","embeddable":true,"href":"https:\/\/autostil.ba\/maloprodaja\/wp-json\/wp\/v2\/product_tag?post=116582"}],"curies":[{"name":"wp","href":"https:\/\/api.w.org\/{rel}","templated":true}]}}