{"id":116262,"date":"2025-07-22T08:55:56","date_gmt":"2025-07-22T06:55:56","guid":{"rendered":"https:\/\/autostil.ba\/maloprodaja\/?post_type=product&#038;p=116262"},"modified":"2026-04-08T11:43:59","modified_gmt":"2026-04-08T09:43:59","slug":"defatex-koncentrat-za-odmascivanje-povrsina-5l","status":"publish","type":"product","link":"https:\/\/autostil.ba\/maloprodaja\/proizvod\/11184\/defatex-koncentrat-za-odmascivanje-povrsina-5l\/","title":{"rendered":"DEFATEX KONCENTRAT ZA ODMA\u0160\u0106IVANJE POVR\u0160INA 5L"},"content":{"rendered":"","protected":false},"excerpt":{"rendered":"<p>OPIS STAVKE<br \/>\nSredstvo za uklanjanje masnih prljav\u0161tina.<\/p>\n<p>KARAKTERISTIKE PROIZVODA<br \/>\nSredstvo za uklanjanje masnih prljav\u0161tina. Posebno dizajniran za upotrebu u auto radionicama. Efikasno uklanja uljnu i masnu prljav\u0161tinu. Posebno se preporu\u010duje za \u010di\u0161\u0107enje podova, keramike, ma\u0161inskih delova, motora, kao i za pranje radne ode\u0107e i namakanje jako zaprljanih tkanina.<\/p>\n<p>PREPORU\u010cENA UPOTREBA<br \/>\nRazrijediti vodom u omjeru od 1:20 do 1:200 (od jedne litre proizvoda mo\u017ee se dobiti od 20 do 200 litara radnog rastvora).<\/p>\n","protected":false},"featured_media":116263,"comment_status":"open","ping_status":"closed","template":"","meta":{"_acf_changed":false,"inline_featured_image":false},"product_brand":[],"product_cat":[73],"product_tag":[],"class_list":{"0":"post-116262","1":"product","2":"type-product","3":"status-publish","4":"has-post-thumbnail","6":"product_cat-sredstva-za-pranje-i-odrzavanje","8":"first","9":"instock","10":"taxable","11":"shipping-taxable","12":"purchasable","13":"product-type-simple"},"acf":[],"custom_product_id":"11184","_links":{"self":[{"href":"https:\/\/autostil.ba\/maloprodaja\/wp-json\/wp\/v2\/product\/116262","targetHints":{"allow":["GET"]}}],"collection":[{"href":"https:\/\/autostil.ba\/maloprodaja\/wp-json\/wp\/v2\/product"}],"about":[{"href":"https:\/\/autostil.ba\/maloprodaja\/wp-json\/wp\/v2\/types\/product"}],"replies":[{"embeddable":true,"href":"https:\/\/autostil.ba\/maloprodaja\/wp-json\/wp\/v2\/comments?post=116262"}],"version-history":[{"count":1,"href":"https:\/\/autostil.ba\/maloprodaja\/wp-json\/wp\/v2\/product\/116262\/revisions"}],"predecessor-version":[{"id":116264,"href":"https:\/\/autostil.ba\/maloprodaja\/wp-json\/wp\/v2\/product\/116262\/revisions\/116264"}],"wp:featuredmedia":[{"embeddable":true,"href":"https:\/\/autostil.ba\/maloprodaja\/wp-json\/wp\/v2\/media\/116263"}],"wp:attachment":[{"href":"https:\/\/autostil.ba\/maloprodaja\/wp-json\/wp\/v2\/media?parent=116262"}],"wp:term":[{"taxonomy":"product_brand","embeddable":true,"href":"https:\/\/autostil.ba\/maloprodaja\/wp-json\/wp\/v2\/product_brand?post=116262"},{"taxonomy":"product_cat","embeddable":true,"href":"https:\/\/autostil.ba\/maloprodaja\/wp-json\/wp\/v2\/product_cat?post=116262"},{"taxonomy":"product_tag","embeddable":true,"href":"https:\/\/autostil.ba\/maloprodaja\/wp-json\/wp\/v2\/product_tag?post=116262"}],"curies":[{"name":"wp","href":"https:\/\/api.w.org\/{rel}","templated":true}]}}