{"id":116252,"date":"2025-02-26T15:15:56","date_gmt":"2025-02-26T13:15:56","guid":{"rendered":"https:\/\/autostil.ba\/maloprodaja\/?post_type=product&#038;p=116252"},"modified":"2026-04-08T11:43:59","modified_gmt":"2026-04-08T09:43:59","slug":"kontakt-sprej-250ml-amtra","status":"publish","type":"product","link":"https:\/\/autostil.ba\/maloprodaja\/proizvod\/3366\/kontakt-sprej-250ml-amtra\/","title":{"rendered":"KONTAKT SPREJ 250ml AMTRA"},"content":{"rendered":"","protected":false},"excerpt":{"rendered":"<p>KONTAKT SPREJ 250ml AMTRA<br \/>\nKontakt sprej sadr\u017ei modernu, brzo djeluju\u0107u formulu za \u010di\u0161\u0107enje kontakata i ure\u0111aja elektri\u010dnih komponenti i sistema. Nakon nano\u0161enja ne ostavlja nakupine. Od svje\u0107ica uklanja drugu masno\u0107u, prljav\u0161tinu, mrlje i razne nakupine drugih elektri\u010dnih ure\u0111aja. Olak\u0161ava paljenje motora, osigurava ispravno funkcionisanje elektri\u010dnog sistema.<br \/>\nPrije primjene posudu sna\u017eno protresite nekoliko puta kako biste temeljno promije\u0161ali proizvod.<br \/>\nOstale lakirane povr\u0161ine osigurajte od prskanja.<br \/>\nNa povr\u0161inu predmeta za \u010di\u0161\u0107enje nanesite veliku koli\u010dinu preparata.<br \/>\nUklonite vi\u0161ak preparata \u010distom i suhom krpom.<\/p>\n","protected":false},"featured_media":116253,"comment_status":"open","ping_status":"closed","template":"","meta":{"_acf_changed":false,"inline_featured_image":false},"product_brand":[],"product_cat":[70],"product_tag":[],"class_list":{"0":"post-116252","1":"product","2":"type-product","3":"status-publish","4":"has-post-thumbnail","6":"product_cat-hemijska-sredstva-za-auto-servise","8":"first","9":"instock","10":"taxable","11":"shipping-taxable","12":"purchasable","13":"product-type-simple"},"acf":[],"custom_product_id":"3366","_links":{"self":[{"href":"https:\/\/autostil.ba\/maloprodaja\/wp-json\/wp\/v2\/product\/116252","targetHints":{"allow":["GET"]}}],"collection":[{"href":"https:\/\/autostil.ba\/maloprodaja\/wp-json\/wp\/v2\/product"}],"about":[{"href":"https:\/\/autostil.ba\/maloprodaja\/wp-json\/wp\/v2\/types\/product"}],"replies":[{"embeddable":true,"href":"https:\/\/autostil.ba\/maloprodaja\/wp-json\/wp\/v2\/comments?post=116252"}],"version-history":[{"count":1,"href":"https:\/\/autostil.ba\/maloprodaja\/wp-json\/wp\/v2\/product\/116252\/revisions"}],"predecessor-version":[{"id":116254,"href":"https:\/\/autostil.ba\/maloprodaja\/wp-json\/wp\/v2\/product\/116252\/revisions\/116254"}],"wp:featuredmedia":[{"embeddable":true,"href":"https:\/\/autostil.ba\/maloprodaja\/wp-json\/wp\/v2\/media\/116253"}],"wp:attachment":[{"href":"https:\/\/autostil.ba\/maloprodaja\/wp-json\/wp\/v2\/media?parent=116252"}],"wp:term":[{"taxonomy":"product_brand","embeddable":true,"href":"https:\/\/autostil.ba\/maloprodaja\/wp-json\/wp\/v2\/product_brand?post=116252"},{"taxonomy":"product_cat","embeddable":true,"href":"https:\/\/autostil.ba\/maloprodaja\/wp-json\/wp\/v2\/product_cat?post=116252"},{"taxonomy":"product_tag","embeddable":true,"href":"https:\/\/autostil.ba\/maloprodaja\/wp-json\/wp\/v2\/product_tag?post=116252"}],"curies":[{"name":"wp","href":"https:\/\/api.w.org\/{rel}","templated":true}]}}