{"id":116112,"date":"2024-07-18T08:12:49","date_gmt":"2024-07-18T06:12:49","guid":{"rendered":"https:\/\/autostil.ba\/maloprodaja\/?post_type=product&#038;p=116112"},"modified":"2026-04-08T11:43:47","modified_gmt":"2026-04-08T09:43:47","slug":"drzac-za-mobitel-virage","status":"publish","type":"product","link":"https:\/\/autostil.ba\/maloprodaja\/proizvod\/6832\/drzac-za-mobitel-virage\/","title":{"rendered":"DR\u017dA\u010c ZA MOBITEL VIRAGE"},"content":{"rendered":"","protected":false},"excerpt":{"rendered":"<p>DR\u017dA\u010c ZA MOBITEL VIRAGE Dizajniran za ugradnju GPSa, mobilnih telefona, pametnih telefona u va\u0161 automobil.<br \/>\nSna\u017ena usisna \u010da\u0161a omogu\u0107ava pri\u010dvr\u0161\u0107ivanje dr\u017ea\u010da na bilo koju povr\u0161inu.<br \/>\nUdobne i svestrane aplikacije.<br \/>\nDo 10,5 cm &#8211; \u0161irina ure\u0111aja koji se mogu staviti u dr\u017ea\u010d.<br \/>\nRotiraju\u0107a glava omogu\u0107ava montiranje u bilo kojem prikladnom polo\u017eaju.<br \/>\nUdobna upotreba.<br \/>\nElegantan i moderan zavr\u0161etak.<\/p>\n","protected":false},"featured_media":116113,"comment_status":"open","ping_status":"closed","template":"","meta":{"_acf_changed":false,"inline_featured_image":false},"product_brand":[],"product_cat":[105],"product_tag":[],"class_list":{"0":"post-116112","1":"product","2":"type-product","3":"status-publish","4":"has-post-thumbnail","6":"product_cat-nosaci-mobitela-tableta-navigacije","8":"first","9":"instock","10":"taxable","11":"shipping-taxable","12":"purchasable","13":"product-type-simple"},"acf":[],"custom_product_id":"6832","_links":{"self":[{"href":"https:\/\/autostil.ba\/maloprodaja\/wp-json\/wp\/v2\/product\/116112","targetHints":{"allow":["GET"]}}],"collection":[{"href":"https:\/\/autostil.ba\/maloprodaja\/wp-json\/wp\/v2\/product"}],"about":[{"href":"https:\/\/autostil.ba\/maloprodaja\/wp-json\/wp\/v2\/types\/product"}],"replies":[{"embeddable":true,"href":"https:\/\/autostil.ba\/maloprodaja\/wp-json\/wp\/v2\/comments?post=116112"}],"version-history":[{"count":1,"href":"https:\/\/autostil.ba\/maloprodaja\/wp-json\/wp\/v2\/product\/116112\/revisions"}],"predecessor-version":[{"id":116114,"href":"https:\/\/autostil.ba\/maloprodaja\/wp-json\/wp\/v2\/product\/116112\/revisions\/116114"}],"wp:featuredmedia":[{"embeddable":true,"href":"https:\/\/autostil.ba\/maloprodaja\/wp-json\/wp\/v2\/media\/116113"}],"wp:attachment":[{"href":"https:\/\/autostil.ba\/maloprodaja\/wp-json\/wp\/v2\/media?parent=116112"}],"wp:term":[{"taxonomy":"product_brand","embeddable":true,"href":"https:\/\/autostil.ba\/maloprodaja\/wp-json\/wp\/v2\/product_brand?post=116112"},{"taxonomy":"product_cat","embeddable":true,"href":"https:\/\/autostil.ba\/maloprodaja\/wp-json\/wp\/v2\/product_cat?post=116112"},{"taxonomy":"product_tag","embeddable":true,"href":"https:\/\/autostil.ba\/maloprodaja\/wp-json\/wp\/v2\/product_tag?post=116112"}],"curies":[{"name":"wp","href":"https:\/\/api.w.org\/{rel}","templated":true}]}}