{"id":116062,"date":"2025-10-11T10:30:47","date_gmt":"2025-10-11T08:30:47","guid":{"rendered":"https:\/\/autostil.ba\/maloprodaja\/?post_type=product&#038;p=116062"},"modified":"2026-04-08T11:43:47","modified_gmt":"2026-04-08T09:43:47","slug":"keramicka-mast-400ml","status":"publish","type":"product","link":"https:\/\/autostil.ba\/maloprodaja\/proizvod\/11189\/keramicka-mast-400ml\/","title":{"rendered":"KERAMI\u010cKA MAST 400ml"},"content":{"rendered":"","protected":false},"excerpt":{"rendered":"<p>Otporan na ekstremne temperature do +1400oC. \u2022 Sigurno za ABS, ASR i ESP sisteme. \u2022 Otporan na kiseline i vodu. \u2022 Spre\u010dava zaglavljivanje mehani\u010dkih spojeva. Koristi se u ko\u010dionim, izduvnim i drugim sistemima izlo\u017eenim visokim temperaturama. Idealan je za podmazivanje \u0161rafova prilikom monta\u017ee i spre\u010dava lepljenje elemenata. Preporu\u010duje se i za rad na ko\u010dionim sistemima sa ABS, ASR i ESP. Stvara izdr\u017eljiv film za podmazivanje koji pove\u0107ava klizanje, \u0161titi od korozije i agresivnih faktora. Smanjuje trenje i habanje, sprje\u010dava \u0161kripanje i \u0161kripanje<\/p>\n","protected":false},"featured_media":116063,"comment_status":"open","ping_status":"closed","template":"","meta":{"_acf_changed":false,"inline_featured_image":false},"product_brand":[],"product_cat":[70],"product_tag":[],"class_list":{"0":"post-116062","1":"product","2":"type-product","3":"status-publish","4":"has-post-thumbnail","6":"product_cat-hemijska-sredstva-za-auto-servise","8":"first","9":"instock","10":"taxable","11":"shipping-taxable","12":"purchasable","13":"product-type-simple"},"acf":[],"custom_product_id":"11189","_links":{"self":[{"href":"https:\/\/autostil.ba\/maloprodaja\/wp-json\/wp\/v2\/product\/116062","targetHints":{"allow":["GET"]}}],"collection":[{"href":"https:\/\/autostil.ba\/maloprodaja\/wp-json\/wp\/v2\/product"}],"about":[{"href":"https:\/\/autostil.ba\/maloprodaja\/wp-json\/wp\/v2\/types\/product"}],"replies":[{"embeddable":true,"href":"https:\/\/autostil.ba\/maloprodaja\/wp-json\/wp\/v2\/comments?post=116062"}],"version-history":[{"count":1,"href":"https:\/\/autostil.ba\/maloprodaja\/wp-json\/wp\/v2\/product\/116062\/revisions"}],"predecessor-version":[{"id":116064,"href":"https:\/\/autostil.ba\/maloprodaja\/wp-json\/wp\/v2\/product\/116062\/revisions\/116064"}],"wp:featuredmedia":[{"embeddable":true,"href":"https:\/\/autostil.ba\/maloprodaja\/wp-json\/wp\/v2\/media\/116063"}],"wp:attachment":[{"href":"https:\/\/autostil.ba\/maloprodaja\/wp-json\/wp\/v2\/media?parent=116062"}],"wp:term":[{"taxonomy":"product_brand","embeddable":true,"href":"https:\/\/autostil.ba\/maloprodaja\/wp-json\/wp\/v2\/product_brand?post=116062"},{"taxonomy":"product_cat","embeddable":true,"href":"https:\/\/autostil.ba\/maloprodaja\/wp-json\/wp\/v2\/product_cat?post=116062"},{"taxonomy":"product_tag","embeddable":true,"href":"https:\/\/autostil.ba\/maloprodaja\/wp-json\/wp\/v2\/product_tag?post=116062"}],"curies":[{"name":"wp","href":"https:\/\/api.w.org\/{rel}","templated":true}]}}