{"id":115492,"date":"2024-07-18T08:12:21","date_gmt":"2024-07-18T08:12:21","guid":{"rendered":"https:\/\/autostil.ba\/maloprodaja\/?post_type=product&#038;p=115492"},"modified":"2026-04-08T11:43:18","modified_gmt":"2026-04-08T09:43:18","slug":"kabal-za-telefon-iphone-usb","status":"publish","type":"product","link":"https:\/\/autostil.ba\/maloprodaja\/proizvod\/11553\/kabal-za-telefon-iphone-usb\/","title":{"rendered":"KABAL ZA TELEFON IPHONE &#8211; USB"},"content":{"rendered":"","protected":false},"excerpt":{"rendered":"<p>KABAL ZA TELEFON IPHONE &#8211; USB<br \/>\nMoj Auto Virage Iphone kabel je savr\u0161ena zamjena za originalni kabel za punjenje i prijenos podataka za iPhone. Za razliku od originala, na\u0161 proizvod je duga\u010dak 120 cm, \u0161to zna\u010dajno pobolj\u0161ava udobnost kori\u0161tenja. Kao i originalni kablovi, proizvod je dostupan u estetski bijeloj boji. Funkcionalni, siguran i izdr\u017eljiv kabel koji mo\u017eete koristiti kao dodatni priklju\u010dak za punja\u010d u automobilu. \u010cesto se de\u0161ava da se va\u0161 iPhone isprazni tokom putovanja.Ponesite sa sobom My Auto Virage Cable za va\u0161 iPhone i takva situacija vas vi\u0161e nikada ne\u0107e iznenaditi. Ovaj kabel mo\u017eete koristiti, na primjer, za auto punja\u010d da bezbedno napunite telefon. Kladite se na kvalitetan proizvod po konkurentnoj cijeni<\/p>\n","protected":false},"featured_media":115493,"comment_status":"open","ping_status":"closed","template":"","meta":{"_acf_changed":false,"inline_featured_image":false},"product_brand":[],"product_cat":[185],"product_tag":[],"class_list":{"0":"post-115492","1":"product","2":"type-product","3":"status-publish","4":"has-post-thumbnail","6":"product_cat-punjaci-za-telefone-i-ostala-oprema","8":"first","9":"instock","10":"taxable","11":"shipping-taxable","12":"purchasable","13":"product-type-simple"},"acf":[],"custom_product_id":"11553","_links":{"self":[{"href":"https:\/\/autostil.ba\/maloprodaja\/wp-json\/wp\/v2\/product\/115492","targetHints":{"allow":["GET"]}}],"collection":[{"href":"https:\/\/autostil.ba\/maloprodaja\/wp-json\/wp\/v2\/product"}],"about":[{"href":"https:\/\/autostil.ba\/maloprodaja\/wp-json\/wp\/v2\/types\/product"}],"replies":[{"embeddable":true,"href":"https:\/\/autostil.ba\/maloprodaja\/wp-json\/wp\/v2\/comments?post=115492"}],"version-history":[{"count":1,"href":"https:\/\/autostil.ba\/maloprodaja\/wp-json\/wp\/v2\/product\/115492\/revisions"}],"predecessor-version":[{"id":115494,"href":"https:\/\/autostil.ba\/maloprodaja\/wp-json\/wp\/v2\/product\/115492\/revisions\/115494"}],"wp:featuredmedia":[{"embeddable":true,"href":"https:\/\/autostil.ba\/maloprodaja\/wp-json\/wp\/v2\/media\/115493"}],"wp:attachment":[{"href":"https:\/\/autostil.ba\/maloprodaja\/wp-json\/wp\/v2\/media?parent=115492"}],"wp:term":[{"taxonomy":"product_brand","embeddable":true,"href":"https:\/\/autostil.ba\/maloprodaja\/wp-json\/wp\/v2\/product_brand?post=115492"},{"taxonomy":"product_cat","embeddable":true,"href":"https:\/\/autostil.ba\/maloprodaja\/wp-json\/wp\/v2\/product_cat?post=115492"},{"taxonomy":"product_tag","embeddable":true,"href":"https:\/\/autostil.ba\/maloprodaja\/wp-json\/wp\/v2\/product_tag?post=115492"}],"curies":[{"name":"wp","href":"https:\/\/api.w.org\/{rel}","templated":true}]}}