{"id":115482,"date":"2024-12-03T09:20:20","date_gmt":"2024-12-03T07:20:20","guid":{"rendered":"https:\/\/autostil.ba\/maloprodaja\/?post_type=product&#038;p=115482"},"modified":"2026-04-08T11:43:18","modified_gmt":"2026-04-08T09:43:18","slug":"osvjezivac-plastike-i-gume-crni-250ml-amtra","status":"publish","type":"product","link":"https:\/\/autostil.ba\/maloprodaja\/proizvod\/11011\/osvjezivac-plastike-i-gume-crni-250ml-amtra\/","title":{"rendered":"OSVJE\u017dIVA\u010c PLASTIKE I GUME CRNI 250ml AMTRA"},"content":{"rendered":"","protected":false},"excerpt":{"rendered":"<p>Vra\u0107a originalnu boju i dodaje suptilan sjaj. Dodaje za\u0161titu od vlage, soli i negativnih vremenskih uvjeta, te sprje\u010dava talo\u017eenje prljav\u0161tine. Savr\u0161eno za potamnjivanje izblijedjelih i promijenjenih dijelova. Savr\u0161en je proizvod za regeneraciju svih crnih plasti\u010dnih elemenata karoserije, guma i zaptivki. Sna\u017eno prianja na plastiku i vra\u0107a prirodnu boju, tako\u0111er nagla\u0161avaju\u0107i teksturu. Zagarantovan efekat vidljivo nahranjene i kontrastne plastike.<\/p>\n","protected":false},"featured_media":115483,"comment_status":"open","ping_status":"closed","template":"","meta":{"_acf_changed":false,"inline_featured_image":false},"product_brand":[],"product_cat":[164],"product_tag":[],"class_list":{"0":"post-115482","1":"product","2":"type-product","3":"status-publish","4":"has-post-thumbnail","6":"product_cat-car-detailing","8":"first","9":"instock","10":"taxable","11":"shipping-taxable","12":"purchasable","13":"product-type-simple"},"acf":[],"custom_product_id":"11011","_links":{"self":[{"href":"https:\/\/autostil.ba\/maloprodaja\/wp-json\/wp\/v2\/product\/115482","targetHints":{"allow":["GET"]}}],"collection":[{"href":"https:\/\/autostil.ba\/maloprodaja\/wp-json\/wp\/v2\/product"}],"about":[{"href":"https:\/\/autostil.ba\/maloprodaja\/wp-json\/wp\/v2\/types\/product"}],"replies":[{"embeddable":true,"href":"https:\/\/autostil.ba\/maloprodaja\/wp-json\/wp\/v2\/comments?post=115482"}],"version-history":[{"count":1,"href":"https:\/\/autostil.ba\/maloprodaja\/wp-json\/wp\/v2\/product\/115482\/revisions"}],"predecessor-version":[{"id":115484,"href":"https:\/\/autostil.ba\/maloprodaja\/wp-json\/wp\/v2\/product\/115482\/revisions\/115484"}],"wp:featuredmedia":[{"embeddable":true,"href":"https:\/\/autostil.ba\/maloprodaja\/wp-json\/wp\/v2\/media\/115483"}],"wp:attachment":[{"href":"https:\/\/autostil.ba\/maloprodaja\/wp-json\/wp\/v2\/media?parent=115482"}],"wp:term":[{"taxonomy":"product_brand","embeddable":true,"href":"https:\/\/autostil.ba\/maloprodaja\/wp-json\/wp\/v2\/product_brand?post=115482"},{"taxonomy":"product_cat","embeddable":true,"href":"https:\/\/autostil.ba\/maloprodaja\/wp-json\/wp\/v2\/product_cat?post=115482"},{"taxonomy":"product_tag","embeddable":true,"href":"https:\/\/autostil.ba\/maloprodaja\/wp-json\/wp\/v2\/product_tag?post=115482"}],"curies":[{"name":"wp","href":"https:\/\/api.w.org\/{rel}","templated":true}]}}