{"id":115262,"date":"2024-07-18T08:12:10","date_gmt":"2024-07-18T06:12:10","guid":{"rendered":"https:\/\/autostil.ba\/maloprodaja\/?post_type=product&#038;p=115262"},"modified":"2026-04-08T11:43:07","modified_gmt":"2026-04-08T09:43:07","slug":"tecnost-za-odrzavanje-unutrasnje-plastike-mat-detailing-290ml","status":"publish","type":"product","link":"https:\/\/autostil.ba\/maloprodaja\/proizvod\/12600\/tecnost-za-odrzavanje-unutrasnje-plastike-mat-detailing-290ml\/","title":{"rendered":"TE\u010cNOST ZA ODR\u017dAVANJE UNUTRA\u0160NJE PLASTIKE MAT DETAILING 290ml"},"content":{"rendered":"","protected":false},"excerpt":{"rendered":"<p>TE\u010cNOST ZA ODR\u017dAVANJE UNUTRA\u0160NJE PLASTIKE MAT DETAILING 290ml;  <\/p>\n<p>Interior Detailer Matt je preparat za \u010di\u0161\u0107enje, njegu i za\u0161titu plasti\u010dnih elemenata unutra\u0161njosti automobila.<br \/>\nOpremljen tehnolo\u0161ki naprednom Flairosol\u00ae prskalicom.<br \/>\nOva inovativna prskalica je pogodna za sve polo\u017eaje od 360\u00b0? samo tokom jednog doziranja pokriti \u0107e do 1 m2 o\u010di\u0161\u0107ene povr\u0161ine jedinstvenom maglom mikro-kapljica.<br \/>\nPreparat trenutno osvje\u017eava, uklanja sitne ne\u010disto\u0107e i vra\u0107a prirodni izgled elemenata.<br \/>\nAntistati\u010dka svojstva &#8211; odvaja i odbija pra\u0161inu.<br \/>\nSadr\u017ei UV filtere koji \u0161tite plastiku od starenja.Ostavlja mat zavr\u0161nicu.<\/p>\n","protected":false},"featured_media":115263,"comment_status":"open","ping_status":"closed","template":"","meta":{"_acf_changed":false,"inline_featured_image":false},"product_brand":[],"product_cat":[164],"product_tag":[],"class_list":{"0":"post-115262","1":"product","2":"type-product","3":"status-publish","4":"has-post-thumbnail","6":"product_cat-car-detailing","8":"first","9":"instock","10":"taxable","11":"shipping-taxable","12":"purchasable","13":"product-type-simple"},"acf":[],"custom_product_id":"12600","_links":{"self":[{"href":"https:\/\/autostil.ba\/maloprodaja\/wp-json\/wp\/v2\/product\/115262","targetHints":{"allow":["GET"]}}],"collection":[{"href":"https:\/\/autostil.ba\/maloprodaja\/wp-json\/wp\/v2\/product"}],"about":[{"href":"https:\/\/autostil.ba\/maloprodaja\/wp-json\/wp\/v2\/types\/product"}],"replies":[{"embeddable":true,"href":"https:\/\/autostil.ba\/maloprodaja\/wp-json\/wp\/v2\/comments?post=115262"}],"version-history":[{"count":1,"href":"https:\/\/autostil.ba\/maloprodaja\/wp-json\/wp\/v2\/product\/115262\/revisions"}],"predecessor-version":[{"id":115264,"href":"https:\/\/autostil.ba\/maloprodaja\/wp-json\/wp\/v2\/product\/115262\/revisions\/115264"}],"wp:featuredmedia":[{"embeddable":true,"href":"https:\/\/autostil.ba\/maloprodaja\/wp-json\/wp\/v2\/media\/115263"}],"wp:attachment":[{"href":"https:\/\/autostil.ba\/maloprodaja\/wp-json\/wp\/v2\/media?parent=115262"}],"wp:term":[{"taxonomy":"product_brand","embeddable":true,"href":"https:\/\/autostil.ba\/maloprodaja\/wp-json\/wp\/v2\/product_brand?post=115262"},{"taxonomy":"product_cat","embeddable":true,"href":"https:\/\/autostil.ba\/maloprodaja\/wp-json\/wp\/v2\/product_cat?post=115262"},{"taxonomy":"product_tag","embeddable":true,"href":"https:\/\/autostil.ba\/maloprodaja\/wp-json\/wp\/v2\/product_tag?post=115262"}],"curies":[{"name":"wp","href":"https:\/\/api.w.org\/{rel}","templated":true}]}}