{"id":115212,"date":"2025-10-11T10:46:08","date_gmt":"2025-10-11T08:46:08","guid":{"rendered":"https:\/\/autostil.ba\/maloprodaja\/?post_type=product&#038;p=115212"},"modified":"2026-04-08T11:43:02","modified_gmt":"2026-04-08T09:43:02","slug":"sprej-za-farbanje-kocionih-celjusti-sivi-400ml-amtra","status":"publish","type":"product","link":"https:\/\/autostil.ba\/maloprodaja\/proizvod\/12594\/sprej-za-farbanje-kocionih-celjusti-sivi-400ml-amtra\/","title":{"rendered":"SPREJ ZA FARBANJE KO\u010cIONIH \u010cELJUSTI SIVI 400ml AMTRA"},"content":{"rendered":"","protected":false},"excerpt":{"rendered":"<p>SPREJ ZA FARBANJE KO\u010cIONIH \u010cELJUSTI SIVI 400ml AMTRA;<\/p>\n<p>Emajl lak dizajniran za za\u0161titu ko\u010dionih \u010deljusti i dobo\u0161a od korozije, izra\u0111en na bazi najkvalitetnijih smola.<br \/>\nStvara izdr\u017eljiv premaz sa vrlo visokim sjajem, otporan na ko\u010dionu pra\u0161inu, so, hemikalije i benzin.<br \/>\nIma antikorozivna svojstva.<br \/>\nPodnosi temperature do 1600 C.<br \/>\nProizvod se mo\u017ee koristiti, na primjer, u tuningu automobila.<br \/>\nBoja je otporna na habanje, ogrebotine, udarce i benzin.<\/p>\n","protected":false},"featured_media":115213,"comment_status":"open","ping_status":"closed","template":"","meta":{"_acf_changed":false,"inline_featured_image":false},"product_brand":[],"product_cat":[68],"product_tag":[],"class_list":{"0":"post-115212","1":"product","2":"type-product","3":"status-publish","4":"has-post-thumbnail","6":"product_cat-sprejevi-za-farbanje","8":"first","9":"instock","10":"taxable","11":"shipping-taxable","12":"purchasable","13":"product-type-simple"},"acf":[],"custom_product_id":"12594","_links":{"self":[{"href":"https:\/\/autostil.ba\/maloprodaja\/wp-json\/wp\/v2\/product\/115212","targetHints":{"allow":["GET"]}}],"collection":[{"href":"https:\/\/autostil.ba\/maloprodaja\/wp-json\/wp\/v2\/product"}],"about":[{"href":"https:\/\/autostil.ba\/maloprodaja\/wp-json\/wp\/v2\/types\/product"}],"replies":[{"embeddable":true,"href":"https:\/\/autostil.ba\/maloprodaja\/wp-json\/wp\/v2\/comments?post=115212"}],"version-history":[{"count":2,"href":"https:\/\/autostil.ba\/maloprodaja\/wp-json\/wp\/v2\/product\/115212\/revisions"}],"predecessor-version":[{"id":793054364,"href":"https:\/\/autostil.ba\/maloprodaja\/wp-json\/wp\/v2\/product\/115212\/revisions\/793054364"}],"wp:featuredmedia":[{"embeddable":true,"href":"https:\/\/autostil.ba\/maloprodaja\/wp-json\/wp\/v2\/media\/115213"}],"wp:attachment":[{"href":"https:\/\/autostil.ba\/maloprodaja\/wp-json\/wp\/v2\/media?parent=115212"}],"wp:term":[{"taxonomy":"product_brand","embeddable":true,"href":"https:\/\/autostil.ba\/maloprodaja\/wp-json\/wp\/v2\/product_brand?post=115212"},{"taxonomy":"product_cat","embeddable":true,"href":"https:\/\/autostil.ba\/maloprodaja\/wp-json\/wp\/v2\/product_cat?post=115212"},{"taxonomy":"product_tag","embeddable":true,"href":"https:\/\/autostil.ba\/maloprodaja\/wp-json\/wp\/v2\/product_tag?post=115212"}],"curies":[{"name":"wp","href":"https:\/\/api.w.org\/{rel}","templated":true}]}}