{"id":115192,"date":"2026-02-03T10:44:06","date_gmt":"2026-02-03T08:44:06","guid":{"rendered":"https:\/\/autostil.ba\/maloprodaja\/?post_type=product&#038;p=115192"},"modified":"2026-04-08T11:43:02","modified_gmt":"2026-04-08T09:43:02","slug":"krpa-microfiber-apt-crna-370g-m2-40x40cm-laserski-rez-rucnik-za-sve-namjene-amtra","status":"publish","type":"product","link":"https:\/\/autostil.ba\/maloprodaja\/proizvod\/12871\/krpa-microfiber-apt-crna-370g-m2-40x40cm-laserski-rez-rucnik-za-sve-namjene-amtra\/","title":{"rendered":"KRPA MICROFIBER APT CRNA 370g\/m2 40x40cm LASERSKI REZ (RU\u010cNIK ZA SVE NAMJENE) AMTRA"},"content":{"rendered":"","protected":false},"excerpt":{"rendered":"<p>Be\u0161avna laserski rezana mikrovlakna s vrlo debelim i kratkim vlaknima savr\u0161ena su za sve vrste \u010di\u0161\u0107enja automobila. Ovo mikrovlakno se mo\u017ee koristiti za uklanjanje voskova, premaza, brzih detalja, kao i za \u010di\u0161\u0107enje i odr\u017eavanje tekstilnih i ko\u017enih presvlaka i unutra\u0161njih elemenata. Mikrovlakna se tako\u0111e mogu koristiti za \u010di\u0161\u0107enje prozora i LCD ekrana. Visokokvalitetna vlakna i laserski rezane ivice pru\u017eaju za\u0161titu od grebanja svih vrsta povr\u0161ina. Preporu\u010duje se pranje mikrovlakana na temperaturi do 40 \u00b0C bez omek\u0161iva\u010da ili izbjeljiva\u010da. Ne su\u0161ite na radijatorima ili pegla. Su\u0161iti u su\u0161ilici<\/p>\n","protected":false},"featured_media":115193,"comment_status":"open","ping_status":"closed","template":"","meta":{"_acf_changed":false,"inline_featured_image":false},"product_brand":[],"product_cat":[164],"product_tag":[],"class_list":{"0":"post-115192","1":"product","2":"type-product","3":"status-publish","4":"has-post-thumbnail","6":"product_cat-car-detailing","8":"first","9":"instock","10":"taxable","11":"shipping-taxable","12":"purchasable","13":"product-type-simple"},"acf":[],"custom_product_id":"12871","_links":{"self":[{"href":"https:\/\/autostil.ba\/maloprodaja\/wp-json\/wp\/v2\/product\/115192","targetHints":{"allow":["GET"]}}],"collection":[{"href":"https:\/\/autostil.ba\/maloprodaja\/wp-json\/wp\/v2\/product"}],"about":[{"href":"https:\/\/autostil.ba\/maloprodaja\/wp-json\/wp\/v2\/types\/product"}],"replies":[{"embeddable":true,"href":"https:\/\/autostil.ba\/maloprodaja\/wp-json\/wp\/v2\/comments?post=115192"}],"version-history":[{"count":1,"href":"https:\/\/autostil.ba\/maloprodaja\/wp-json\/wp\/v2\/product\/115192\/revisions"}],"predecessor-version":[{"id":115194,"href":"https:\/\/autostil.ba\/maloprodaja\/wp-json\/wp\/v2\/product\/115192\/revisions\/115194"}],"wp:featuredmedia":[{"embeddable":true,"href":"https:\/\/autostil.ba\/maloprodaja\/wp-json\/wp\/v2\/media\/115193"}],"wp:attachment":[{"href":"https:\/\/autostil.ba\/maloprodaja\/wp-json\/wp\/v2\/media?parent=115192"}],"wp:term":[{"taxonomy":"product_brand","embeddable":true,"href":"https:\/\/autostil.ba\/maloprodaja\/wp-json\/wp\/v2\/product_brand?post=115192"},{"taxonomy":"product_cat","embeddable":true,"href":"https:\/\/autostil.ba\/maloprodaja\/wp-json\/wp\/v2\/product_cat?post=115192"},{"taxonomy":"product_tag","embeddable":true,"href":"https:\/\/autostil.ba\/maloprodaja\/wp-json\/wp\/v2\/product_tag?post=115192"}],"curies":[{"name":"wp","href":"https:\/\/api.w.org\/{rel}","templated":true}]}}

KRPA MICROFIBER APT CRNA 370g/m2 40x40cm LASERSKI REZ (RUČNIK ZA SVE NAMJENE) AMTRA

<p>Bešavna laserski rezana mikrovlakna s vrlo debelim i kratkim vlaknima savršena su za sve vrste čišćenja automobila. Ovo mikrovlakno se može koristiti za uklanjanje voskova, premaza, brzih detalja, kao i za čišćenje i održavanje tekstilnih i kožnih presvlaka i unutrašnjih elemenata. Mikrovlakna se takođe mogu koristiti za čišćenje prozora i LCD ekrana. Visokokvalitetna vlakna i laserski rezane ivice pružaju zaštitu od grebanja svih vrsta površina. Preporučuje se pranje mikrovlakana na temperaturi do 40 °C bez omekšivača ili izbjeljivača. Ne sušite na radijatorima ili pegla. Sušiti u sušilici</p>
