{"id":115132,"date":"2025-10-11T10:33:03","date_gmt":"2025-10-11T08:33:03","guid":{"rendered":"https:\/\/autostil.ba\/maloprodaja\/?post_type=product&#038;p=115132"},"modified":"2026-04-08T11:43:01","modified_gmt":"2026-04-08T09:43:01","slug":"krpa-microfiber-detailer-kozna-bijela-310g-m2-40x40cm-amtra","status":"publish","type":"product","link":"https:\/\/autostil.ba\/maloprodaja\/proizvod\/12877\/krpa-microfiber-detailer-kozna-bijela-310g-m2-40x40cm-amtra\/","title":{"rendered":"KRPA MICROFIBER DETAILER KO\u017dNA BIJELA 310g\/m2 40x40cm AMTRA"},"content":{"rendered":"","protected":false},"excerpt":{"rendered":"<p>Specijalna mikrovlakana za \u010di\u0161\u0107enje i njegu ko\u017enih povr\u0161ina. Ne boji o\u010di\u0161\u0107enu povr\u0161inu tako da mo\u017eemo koristiti ja\u010da sredstva za \u010di\u0161\u0107enje. \u010cvrsta i vrlo kratka vlakna su efikasna u \u010di\u0161\u0107enju. Savr\u0161eno za obradu \u0161avova, pora i nabora na ko\u017ei. Za suvu i mokru upotrebu. Preporu\u010duje se pranje mikrovlakana na temperaturi do 40\u00b0C bez omek\u0161iva\u010da ili izbjeljiva\u010da iu sli\u010dnim bojama. Ne su\u0161iti na radijatorima. Su\u0161iti u su\u0161ilici.<\/p>\n","protected":false},"featured_media":115133,"comment_status":"open","ping_status":"closed","template":"","meta":{"_acf_changed":false,"inline_featured_image":false},"product_brand":[],"product_cat":[164],"product_tag":[],"class_list":{"0":"post-115132","1":"product","2":"type-product","3":"status-publish","4":"has-post-thumbnail","6":"product_cat-car-detailing","8":"first","9":"instock","10":"taxable","11":"shipping-taxable","12":"purchasable","13":"product-type-simple"},"acf":[],"custom_product_id":"12877","_links":{"self":[{"href":"https:\/\/autostil.ba\/maloprodaja\/wp-json\/wp\/v2\/product\/115132","targetHints":{"allow":["GET"]}}],"collection":[{"href":"https:\/\/autostil.ba\/maloprodaja\/wp-json\/wp\/v2\/product"}],"about":[{"href":"https:\/\/autostil.ba\/maloprodaja\/wp-json\/wp\/v2\/types\/product"}],"replies":[{"embeddable":true,"href":"https:\/\/autostil.ba\/maloprodaja\/wp-json\/wp\/v2\/comments?post=115132"}],"version-history":[{"count":1,"href":"https:\/\/autostil.ba\/maloprodaja\/wp-json\/wp\/v2\/product\/115132\/revisions"}],"predecessor-version":[{"id":115134,"href":"https:\/\/autostil.ba\/maloprodaja\/wp-json\/wp\/v2\/product\/115132\/revisions\/115134"}],"wp:featuredmedia":[{"embeddable":true,"href":"https:\/\/autostil.ba\/maloprodaja\/wp-json\/wp\/v2\/media\/115133"}],"wp:attachment":[{"href":"https:\/\/autostil.ba\/maloprodaja\/wp-json\/wp\/v2\/media?parent=115132"}],"wp:term":[{"taxonomy":"product_brand","embeddable":true,"href":"https:\/\/autostil.ba\/maloprodaja\/wp-json\/wp\/v2\/product_brand?post=115132"},{"taxonomy":"product_cat","embeddable":true,"href":"https:\/\/autostil.ba\/maloprodaja\/wp-json\/wp\/v2\/product_cat?post=115132"},{"taxonomy":"product_tag","embeddable":true,"href":"https:\/\/autostil.ba\/maloprodaja\/wp-json\/wp\/v2\/product_tag?post=115132"}],"curies":[{"name":"wp","href":"https:\/\/api.w.org\/{rel}","templated":true}]}}

KRPA MICROFIBER DETAILER KOŽNA BIJELA 310g/m2 40x40cm AMTRA

<p>Specijalna mikrovlakana za čišćenje i njegu kožnih površina. Ne boji očišćenu površinu tako da možemo koristiti jača sredstva za čišćenje. Čvrsta i vrlo kratka vlakna su efikasna u čišćenju. Savršeno za obradu šavova, pora i nabora na koži. Za suvu i mokru upotrebu. Preporučuje se pranje mikrovlakana na temperaturi do 40°C bez omekšivača ili izbjeljivača iu sličnim bojama. Ne sušiti na radijatorima. Sušiti u sušilici.</p>
