{"id":114212,"date":"2025-12-10T08:56:21","date_gmt":"2025-12-10T06:56:21","guid":{"rendered":"https:\/\/autostil.ba\/maloprodaja\/?post_type=product&#038;p=114212"},"modified":"2026-04-08T11:42:10","modified_gmt":"2026-04-08T09:42:10","slug":"filter-sportski-mali","status":"publish","type":"product","link":"https:\/\/autostil.ba\/maloprodaja\/proizvod\/553\/filter-sportski-mali\/","title":{"rendered":"FILTER SPORTSKI MALI"},"content":{"rendered":"","protected":false},"excerpt":{"rendered":"<p>FILTER SPORTSKI MALI Konusni filter za vazduh \u00d8 12 mm. Direktno postavljanje na usis zraka. Jednostavno postavljanje kroz \u010deli\u010dni remen. Ekskluzivni trka\u010dki izgled, ve\u0107e performanse zahvaljuju\u0107i izravnom ulazu zraka bez ograni\u010denja, precizno filtriranje zraka.<br \/>\nVisina mm 40, Konus \u00d8 mm 40 do 50, Priklju\u010dak \u00d8 12 mm<\/p>\n","protected":false},"featured_media":114213,"comment_status":"open","ping_status":"closed","template":"","meta":{"_acf_changed":false,"inline_featured_image":false},"product_brand":[],"product_cat":[74],"product_tag":[],"class_list":{"0":"post-114212","1":"product","2":"type-product","3":"status-publish","4":"has-post-thumbnail","6":"product_cat-filteri-sportski","8":"first","9":"instock","10":"taxable","11":"shipping-taxable","12":"purchasable","13":"product-type-simple"},"acf":[],"custom_product_id":"553","_links":{"self":[{"href":"https:\/\/autostil.ba\/maloprodaja\/wp-json\/wp\/v2\/product\/114212","targetHints":{"allow":["GET"]}}],"collection":[{"href":"https:\/\/autostil.ba\/maloprodaja\/wp-json\/wp\/v2\/product"}],"about":[{"href":"https:\/\/autostil.ba\/maloprodaja\/wp-json\/wp\/v2\/types\/product"}],"replies":[{"embeddable":true,"href":"https:\/\/autostil.ba\/maloprodaja\/wp-json\/wp\/v2\/comments?post=114212"}],"version-history":[{"count":1,"href":"https:\/\/autostil.ba\/maloprodaja\/wp-json\/wp\/v2\/product\/114212\/revisions"}],"predecessor-version":[{"id":114214,"href":"https:\/\/autostil.ba\/maloprodaja\/wp-json\/wp\/v2\/product\/114212\/revisions\/114214"}],"wp:featuredmedia":[{"embeddable":true,"href":"https:\/\/autostil.ba\/maloprodaja\/wp-json\/wp\/v2\/media\/114213"}],"wp:attachment":[{"href":"https:\/\/autostil.ba\/maloprodaja\/wp-json\/wp\/v2\/media?parent=114212"}],"wp:term":[{"taxonomy":"product_brand","embeddable":true,"href":"https:\/\/autostil.ba\/maloprodaja\/wp-json\/wp\/v2\/product_brand?post=114212"},{"taxonomy":"product_cat","embeddable":true,"href":"https:\/\/autostil.ba\/maloprodaja\/wp-json\/wp\/v2\/product_cat?post=114212"},{"taxonomy":"product_tag","embeddable":true,"href":"https:\/\/autostil.ba\/maloprodaja\/wp-json\/wp\/v2\/product_tag?post=114212"}],"curies":[{"name":"wp","href":"https:\/\/api.w.org\/{rel}","templated":true}]}}