{"id":114072,"date":"2024-07-18T08:11:14","date_gmt":"2024-07-18T06:11:14","guid":{"rendered":"https:\/\/autostil.ba\/maloprodaja\/?post_type=product&#038;p=114072"},"modified":"2026-04-08T11:41:59","modified_gmt":"2026-04-08T09:41:59","slug":"zastitna-traka-za-zadnji-branik-7x90cm","status":"publish","type":"product","link":"https:\/\/autostil.ba\/maloprodaja\/proizvod\/10389\/zastitna-traka-za-zadnji-branik-7x90cm\/","title":{"rendered":"ZA\u0160TITNA TRAKA ZA ZADNJI BRANIK 7x90cm"},"content":{"rendered":"","protected":false},"excerpt":{"rendered":"<p>ZA\u0160TITNA TRAKA ZA ZADNJI BRANIK 7x90cm<br \/>\n\u0160titi i spre\u010dava slu\u010dajne ogrebotine i ogrebotine na farbanju branika tokom faza utovara i istovara iz prtlja\u017enika, ulaska ili istovara \u017eivotinja&#8230;<br \/>\nNeophodan za sve automobile sa zadnjim poklopcem u ravni sa podom (SUV, karavan, kombi&#8230;)<br \/>\nPokriva i skriva sve ogrebotine ili o\u0161te\u0107enja koja su ve\u0107 nastala od pogleda.<br \/>\nNapravljen od mekog i otpornog PVC-a, savr\u0161eno se prilago\u0111ava povr\u0161ini nano\u0161enja i zakrivljenosti branika.<br \/>\nSavr\u0161eno se uklapa u dizajn automobila.<br \/>\nNano\u0161enje pomo\u0107u specijalnog 3M isporu\u010denog ljepila<\/p>\n","protected":false},"featured_media":114073,"comment_status":"open","ping_status":"closed","template":"","meta":{"_acf_changed":false,"inline_featured_image":false},"product_brand":[],"product_cat":[128],"product_tag":[],"class_list":{"0":"post-114072","1":"product","2":"type-product","3":"status-publish","4":"has-post-thumbnail","6":"product_cat-dekor-i-zastitne-trake","8":"first","9":"instock","10":"taxable","11":"shipping-taxable","12":"purchasable","13":"product-type-simple"},"acf":[],"custom_product_id":"10389","_links":{"self":[{"href":"https:\/\/autostil.ba\/maloprodaja\/wp-json\/wp\/v2\/product\/114072","targetHints":{"allow":["GET"]}}],"collection":[{"href":"https:\/\/autostil.ba\/maloprodaja\/wp-json\/wp\/v2\/product"}],"about":[{"href":"https:\/\/autostil.ba\/maloprodaja\/wp-json\/wp\/v2\/types\/product"}],"replies":[{"embeddable":true,"href":"https:\/\/autostil.ba\/maloprodaja\/wp-json\/wp\/v2\/comments?post=114072"}],"version-history":[{"count":1,"href":"https:\/\/autostil.ba\/maloprodaja\/wp-json\/wp\/v2\/product\/114072\/revisions"}],"predecessor-version":[{"id":114074,"href":"https:\/\/autostil.ba\/maloprodaja\/wp-json\/wp\/v2\/product\/114072\/revisions\/114074"}],"wp:featuredmedia":[{"embeddable":true,"href":"https:\/\/autostil.ba\/maloprodaja\/wp-json\/wp\/v2\/media\/114073"}],"wp:attachment":[{"href":"https:\/\/autostil.ba\/maloprodaja\/wp-json\/wp\/v2\/media?parent=114072"}],"wp:term":[{"taxonomy":"product_brand","embeddable":true,"href":"https:\/\/autostil.ba\/maloprodaja\/wp-json\/wp\/v2\/product_brand?post=114072"},{"taxonomy":"product_cat","embeddable":true,"href":"https:\/\/autostil.ba\/maloprodaja\/wp-json\/wp\/v2\/product_cat?post=114072"},{"taxonomy":"product_tag","embeddable":true,"href":"https:\/\/autostil.ba\/maloprodaja\/wp-json\/wp\/v2\/product_tag?post=114072"}],"curies":[{"name":"wp","href":"https:\/\/api.w.org\/{rel}","templated":true}]}}

ZAŠTITNA TRAKA ZA ZADNJI BRANIK 7x90cm

<p>ZAŠTITNA TRAKA ZA ZADNJI BRANIK 7x90cm<br />
Štiti i sprečava slučajne ogrebotine i ogrebotine na farbanju branika tokom faza utovara i istovara iz prtljažnika, ulaska ili istovara životinja&#8230;<br />
Neophodan za sve automobile sa zadnjim poklopcem u ravni sa podom (SUV, karavan, kombi&#8230;)<br />
Pokriva i skriva sve ogrebotine ili oštećenja koja su već nastala od pogleda.<br />
Napravljen od mekog i otpornog PVC-a, savršeno se prilagođava površini nanošenja i zakrivljenosti branika.<br />
Savršeno se uklapa u dizajn automobila.<br />
Nanošenje pomoću specijalnog 3M isporučenog ljepila</p>
