{"id":112742,"date":"2024-12-18T15:09:16","date_gmt":"2024-12-18T13:09:16","guid":{"rendered":"https:\/\/autostil.ba\/maloprodaja\/?post_type=product&#038;p=112742"},"modified":"2026-04-08T11:40:47","modified_gmt":"2026-04-08T09:40:47","slug":"zastita-za-vjetrobransko-staklo-i-bocne-retrovizore-magnetna-sva-godisnja-doba","status":"publish","type":"product","link":"https:\/\/autostil.ba\/maloprodaja\/proizvod\/10973\/zastita-za-vjetrobransko-staklo-i-bocne-retrovizore-magnetna-sva-godisnja-doba\/","title":{"rendered":"ZA\u0160TITA ZA VJETROBRANSKO STAKLO I BO\u010cNE RETROVIZORE MAGNETNA (SVA GODI\u0160NJA DOBA)"},"content":{"rendered":"","protected":false},"excerpt":{"rendered":"<p>ZA\u0160TITA ZA VJETROBRANSKO STAKLO I BO\u010cNE RETROVIZORE MAGNETNA (SVA GODI\u0160NJA DOBA); Sa magnetima za lako i jednostavno postavljanje na automobil<br \/>\nUniverzalne veli\u010dine, pogodne za ve\u0107inu automobila.<br \/>\nOtporan na kidanje, otporan na termalne izlete i atmosferske doga\u0111aje.<br \/>\n4-komponentni vi\u0161eslojni: aluminijumski laminirani PE lim, upredeni pamuk, kompozitni pamuk i TNT podstava.<br \/>\n5 magneta visoke \u010dvrsto\u0107e (\u00d8 14&#215;2 mm, ja\u010dine 1700-1800G svaki) su umetnuti unutar tkanine kako bi se izbjegle ogrebotine na karoseriji.<br \/>\nMo\u017ee se koristiti tokom cijele godine: sprje\u010dava mraz, snijeg ili led zimi, \u0161titi od UV zraka ljeti, pra\u0161ine, smola i li\u0161\u0107a.<br \/>\nMagneti omogu\u0107avaju brzo nano\u0161enje, izbjegavaju\u0107i kori\u0161tenje brisa\u010da za dr\u017eanje krpe na mjestu. Na ovaj na\u010din se popravljaju i \u0161tite od vremenskih nepogoda i metlice brisa\u010da.<br \/>\nPotpuna pokrivenost vjetrobranskog stakla i bo\u010dnih retrovizora zahvaljuju\u0107i dvije posebne za\u0161tite sa reflektiraju\u0107im umetcima, koji garantuju ve\u0107u vidljivost no\u0107u kada je automobil parkiran.<br \/>\nIsporu\u010duje se s prakti\u010dnom torbom\/futrolom za dr\u017eanje proizvoda kada se ne koristi.<br \/>\nDimenzije: 147\/185&#215;120 cm<\/p>\n","protected":false},"featured_media":793045012,"comment_status":"open","ping_status":"closed","template":"","meta":{"_acf_changed":false,"inline_featured_image":false},"product_brand":[],"product_cat":[91,146],"product_tag":[],"class_list":{"0":"post-112742","1":"product","2":"type-product","3":"status-publish","4":"has-post-thumbnail","6":"product_cat-sredstva-za-zastitu-od-sunca","7":"product_cat-zastite-za-vjetrobransko-staklo","9":"first","10":"instock","11":"taxable","12":"shipping-taxable","13":"purchasable","14":"product-type-simple"},"acf":[],"custom_product_id":"10973","_links":{"self":[{"href":"https:\/\/autostil.ba\/maloprodaja\/wp-json\/wp\/v2\/product\/112742","targetHints":{"allow":["GET"]}}],"collection":[{"href":"https:\/\/autostil.ba\/maloprodaja\/wp-json\/wp\/v2\/product"}],"about":[{"href":"https:\/\/autostil.ba\/maloprodaja\/wp-json\/wp\/v2\/types\/product"}],"replies":[{"embeddable":true,"href":"https:\/\/autostil.ba\/maloprodaja\/wp-json\/wp\/v2\/comments?post=112742"}],"version-history":[{"count":1,"href":"https:\/\/autostil.ba\/maloprodaja\/wp-json\/wp\/v2\/product\/112742\/revisions"}],"predecessor-version":[{"id":112744,"href":"https:\/\/autostil.ba\/maloprodaja\/wp-json\/wp\/v2\/product\/112742\/revisions\/112744"}],"wp:featuredmedia":[{"embeddable":true,"href":"https:\/\/autostil.ba\/maloprodaja\/wp-json\/wp\/v2\/media\/793045012"}],"wp:attachment":[{"href":"https:\/\/autostil.ba\/maloprodaja\/wp-json\/wp\/v2\/media?parent=112742"}],"wp:term":[{"taxonomy":"product_brand","embeddable":true,"href":"https:\/\/autostil.ba\/maloprodaja\/wp-json\/wp\/v2\/product_brand?post=112742"},{"taxonomy":"product_cat","embeddable":true,"href":"https:\/\/autostil.ba\/maloprodaja\/wp-json\/wp\/v2\/product_cat?post=112742"},{"taxonomy":"product_tag","embeddable":true,"href":"https:\/\/autostil.ba\/maloprodaja\/wp-json\/wp\/v2\/product_tag?post=112742"}],"curies":[{"name":"wp","href":"https:\/\/api.w.org\/{rel}","templated":true}]}}