{"id":112482,"date":"2024-07-18T08:10:04","date_gmt":"2024-07-18T06:10:04","guid":{"rendered":"https:\/\/autostil.ba\/maloprodaja\/?post_type=product&#038;p=112482"},"modified":"2026-04-08T11:40:30","modified_gmt":"2026-04-08T09:40:30","slug":"blokada-za-sigurnosni-pojas","status":"publish","type":"product","link":"https:\/\/autostil.ba\/maloprodaja\/proizvod\/6250\/blokada-za-sigurnosni-pojas\/","title":{"rendered":"BLOKADA ZA SIGURNOSNI POJAS"},"content":{"rendered":"","protected":false},"excerpt":{"rendered":"<p>Stezaljke sigurnosnih kai\u0161eva. Univerzalno za prednje \/ zadnje sigurnosne pojaseve sa i bez pode\u0161avanja visine.<br \/>\nIzbjegavajte uporno i neugodno zatezanje pojasa na tijelu. Reguli\u0161ite zategnutost omota\u010da kai\u0161eva bez naru\u0161avanja efikasnosti pojaseva.<br \/>\nNapomena: koristiti u skladu s pravilima va\u0161e zemlje.<\/p>\n","protected":false},"featured_media":112483,"comment_status":"open","ping_status":"closed","template":"","meta":{"_acf_changed":false,"inline_featured_image":false},"product_brand":[],"product_cat":[151],"product_tag":[],"class_list":{"0":"post-112482","1":"product","2":"type-product","3":"status-publish","4":"has-post-thumbnail","6":"product_cat-blokade-za-sigurnosni-pojas","8":"first","9":"instock","10":"taxable","11":"shipping-taxable","12":"purchasable","13":"product-type-simple"},"acf":[],"custom_product_id":"6250","_links":{"self":[{"href":"https:\/\/autostil.ba\/maloprodaja\/wp-json\/wp\/v2\/product\/112482","targetHints":{"allow":["GET"]}}],"collection":[{"href":"https:\/\/autostil.ba\/maloprodaja\/wp-json\/wp\/v2\/product"}],"about":[{"href":"https:\/\/autostil.ba\/maloprodaja\/wp-json\/wp\/v2\/types\/product"}],"replies":[{"embeddable":true,"href":"https:\/\/autostil.ba\/maloprodaja\/wp-json\/wp\/v2\/comments?post=112482"}],"version-history":[{"count":1,"href":"https:\/\/autostil.ba\/maloprodaja\/wp-json\/wp\/v2\/product\/112482\/revisions"}],"predecessor-version":[{"id":112484,"href":"https:\/\/autostil.ba\/maloprodaja\/wp-json\/wp\/v2\/product\/112482\/revisions\/112484"}],"wp:featuredmedia":[{"embeddable":true,"href":"https:\/\/autostil.ba\/maloprodaja\/wp-json\/wp\/v2\/media\/112483"}],"wp:attachment":[{"href":"https:\/\/autostil.ba\/maloprodaja\/wp-json\/wp\/v2\/media?parent=112482"}],"wp:term":[{"taxonomy":"product_brand","embeddable":true,"href":"https:\/\/autostil.ba\/maloprodaja\/wp-json\/wp\/v2\/product_brand?post=112482"},{"taxonomy":"product_cat","embeddable":true,"href":"https:\/\/autostil.ba\/maloprodaja\/wp-json\/wp\/v2\/product_cat?post=112482"},{"taxonomy":"product_tag","embeddable":true,"href":"https:\/\/autostil.ba\/maloprodaja\/wp-json\/wp\/v2\/product_tag?post=112482"}],"curies":[{"name":"wp","href":"https:\/\/api.w.org\/{rel}","templated":true}]}}