{"id":112102,"date":"2025-09-05T09:43:46","date_gmt":"2025-09-05T07:43:46","guid":{"rendered":"https:\/\/autostil.ba\/maloprodaja\/?post_type=product&#038;p=112102"},"modified":"2026-04-08T11:40:13","modified_gmt":"2026-04-08T09:40:13","slug":"kofer-za-krovni-nosac-g3-helios-400-330l-144x86x38cm","status":"publish","type":"product","link":"https:\/\/autostil.ba\/maloprodaja\/proizvod\/7341\/kofer-za-krovni-nosac-g3-helios-400-330l-144x86x38cm\/","title":{"rendered":"KOFER ZA KROVNI NOSA\u010c G3 HELIOS 400 CRNI \/ 330l 144x86x38cm"},"content":{"rendered":"","protected":false},"excerpt":{"rendered":"<p>Krovni kofer- Dimenzije : du\u017eina 1440 mm, \u0161irina 860 mm, visina 375 mm. Unutra\u0161nja du\u017eina 1350 mm, unutra\u0161nja \u0161irina 760 mm, unutra\u0161nja visina 365 mm. Prava testirana zapremina 330 l. Boja crna metalik. Neto te\u017eina 13 kg, bruto te\u017eina 15 kg. Maksimalno optere\u0107enje 75 kg. Materijal PS za\u0161ti\u0107en. Otvaranje obostrano. Prednja opruga &#8211; K3.015 \/ straga &#8211; K3.014. Brava 2 centralizovana.<\/p>\n","protected":false},"featured_media":112103,"comment_status":"open","ping_status":"closed","template":"","meta":{"_acf_changed":false,"inline_featured_image":false},"product_brand":[],"product_cat":[153],"product_tag":[],"class_list":{"0":"post-112102","1":"product","2":"type-product","3":"status-publish","4":"has-post-thumbnail","6":"product_cat-krovni-koferi","8":"first","9":"instock","10":"taxable","11":"shipping-taxable","12":"purchasable","13":"product-type-simple"},"acf":[],"custom_product_id":"7341","_links":{"self":[{"href":"https:\/\/autostil.ba\/maloprodaja\/wp-json\/wp\/v2\/product\/112102","targetHints":{"allow":["GET"]}}],"collection":[{"href":"https:\/\/autostil.ba\/maloprodaja\/wp-json\/wp\/v2\/product"}],"about":[{"href":"https:\/\/autostil.ba\/maloprodaja\/wp-json\/wp\/v2\/types\/product"}],"replies":[{"embeddable":true,"href":"https:\/\/autostil.ba\/maloprodaja\/wp-json\/wp\/v2\/comments?post=112102"}],"version-history":[{"count":2,"href":"https:\/\/autostil.ba\/maloprodaja\/wp-json\/wp\/v2\/product\/112102\/revisions"}],"predecessor-version":[{"id":793050103,"href":"https:\/\/autostil.ba\/maloprodaja\/wp-json\/wp\/v2\/product\/112102\/revisions\/793050103"}],"wp:featuredmedia":[{"embeddable":true,"href":"https:\/\/autostil.ba\/maloprodaja\/wp-json\/wp\/v2\/media\/112103"}],"wp:attachment":[{"href":"https:\/\/autostil.ba\/maloprodaja\/wp-json\/wp\/v2\/media?parent=112102"}],"wp:term":[{"taxonomy":"product_brand","embeddable":true,"href":"https:\/\/autostil.ba\/maloprodaja\/wp-json\/wp\/v2\/product_brand?post=112102"},{"taxonomy":"product_cat","embeddable":true,"href":"https:\/\/autostil.ba\/maloprodaja\/wp-json\/wp\/v2\/product_cat?post=112102"},{"taxonomy":"product_tag","embeddable":true,"href":"https:\/\/autostil.ba\/maloprodaja\/wp-json\/wp\/v2\/product_tag?post=112102"}],"curies":[{"name":"wp","href":"https:\/\/api.w.org\/{rel}","templated":true}]}}