{"id":107952,"date":"2025-07-08T14:47:33","date_gmt":"2025-07-08T12:47:33","guid":{"rendered":"https:\/\/autostil.ba\/maloprodaja\/?post_type=product&#038;p=107952"},"modified":"2026-04-08T11:36:14","modified_gmt":"2026-04-08T09:36:14","slug":"kofer-za-krovni-nosac-g3-helios-road-480-390l-195x74x36cm","status":"publish","type":"product","link":"https:\/\/autostil.ba\/maloprodaja\/proizvod\/7342\/kofer-za-krovni-nosac-g3-helios-road-480-390l-195x74x36cm\/","title":{"rendered":"KOFER ZA KROVNI NOSA\u010c G3 HELIOS ROAD 480\/390l 195x74x36CM"},"content":{"rendered":"","protected":false},"excerpt":{"rendered":"<p>KOFER ZA KROVNI NOSA\u010c G3 HELIOS ROAD 480\/390l 195x74x36CM Krovni kofer, Dimenzije : du\u017eina 1950 mm; \u0161irina 738 mm; visina 360 mm; unutra\u0161nja du\u017eina 1860 mm; unutra\u0161nja \u0161irina 678 mm; unutra\u0161nja visina 350 mm. Testirana zapremina 390 litara. Neto te\u017eina 13 kg, bruto te\u017eina 16,5 kg. Maksimalno optere\u0107enje 75 kg. Materijal P.S. UV za\u0161ti\u0107en.<br \/>\nPrednja opruga K3.015 \/ straga K3.014. Brava dupla centralizovana.<\/p>\n","protected":false},"featured_media":793047397,"comment_status":"open","ping_status":"closed","template":"","meta":{"_acf_changed":false,"inline_featured_image":false},"product_brand":[],"product_cat":[153],"product_tag":[],"class_list":{"0":"post-107952","1":"product","2":"type-product","3":"status-publish","4":"has-post-thumbnail","6":"product_cat-krovni-koferi","8":"first","9":"instock","10":"taxable","11":"shipping-taxable","12":"purchasable","13":"product-type-simple"},"acf":[],"custom_product_id":"7342","_links":{"self":[{"href":"https:\/\/autostil.ba\/maloprodaja\/wp-json\/wp\/v2\/product\/107952","targetHints":{"allow":["GET"]}}],"collection":[{"href":"https:\/\/autostil.ba\/maloprodaja\/wp-json\/wp\/v2\/product"}],"about":[{"href":"https:\/\/autostil.ba\/maloprodaja\/wp-json\/wp\/v2\/types\/product"}],"replies":[{"embeddable":true,"href":"https:\/\/autostil.ba\/maloprodaja\/wp-json\/wp\/v2\/comments?post=107952"}],"version-history":[{"count":2,"href":"https:\/\/autostil.ba\/maloprodaja\/wp-json\/wp\/v2\/product\/107952\/revisions"}],"predecessor-version":[{"id":793046974,"href":"https:\/\/autostil.ba\/maloprodaja\/wp-json\/wp\/v2\/product\/107952\/revisions\/793046974"}],"wp:featuredmedia":[{"embeddable":true,"href":"https:\/\/autostil.ba\/maloprodaja\/wp-json\/wp\/v2\/media\/793047397"}],"wp:attachment":[{"href":"https:\/\/autostil.ba\/maloprodaja\/wp-json\/wp\/v2\/media?parent=107952"}],"wp:term":[{"taxonomy":"product_brand","embeddable":true,"href":"https:\/\/autostil.ba\/maloprodaja\/wp-json\/wp\/v2\/product_brand?post=107952"},{"taxonomy":"product_cat","embeddable":true,"href":"https:\/\/autostil.ba\/maloprodaja\/wp-json\/wp\/v2\/product_cat?post=107952"},{"taxonomy":"product_tag","embeddable":true,"href":"https:\/\/autostil.ba\/maloprodaja\/wp-json\/wp\/v2\/product_tag?post=107952"}],"curies":[{"name":"wp","href":"https:\/\/api.w.org\/{rel}","templated":true}]}}