{"id":105992,"date":"2024-07-18T08:05:07","date_gmt":"2024-07-18T06:05:07","guid":{"rendered":"https:\/\/autostil.ba\/maloprodaja\/?post_type=product&#038;p=105992"},"modified":"2026-04-23T16:00:42","modified_gmt":"2026-04-23T14:00:42","slug":"elasticni-konopac-2x150","status":"publish","type":"product","link":"https:\/\/autostil.ba\/maloprodaja\/proizvod\/747\/elasticni-konopac-2x150\/","title":{"rendered":"ELASTI\u010cNI KONOPAC 2&#215;150"},"content":{"rendered":"","protected":false},"excerpt":{"rendered":"<p>Elasti\u010dni konopac slu\u017ei za u\u010dvr\u0161\u0107ivanje  materijala gdje god je potrebno kako bi se osiguralo njegovo  stabilno  pri\u010dvr\u0161\u0107ivanje.<br \/>\nSet od 2 kom. Zavr\u0161en metalnim kukama. Du\u017eina 120 cm.<\/p>\n","protected":false},"featured_media":105993,"comment_status":"open","ping_status":"closed","template":"","meta":{"_acf_changed":false,"inline_featured_image":false},"product_brand":[],"product_cat":[99],"product_tag":[],"class_list":{"0":"post-105992","1":"product","2":"type-product","3":"status-publish","4":"has-post-thumbnail","6":"product_cat-spaneri","8":"first","9":"instock","10":"taxable","11":"shipping-taxable","12":"purchasable","13":"product-type-simple"},"acf":[],"custom_product_id":"747","_links":{"self":[{"href":"https:\/\/autostil.ba\/maloprodaja\/wp-json\/wp\/v2\/product\/105992","targetHints":{"allow":["GET"]}}],"collection":[{"href":"https:\/\/autostil.ba\/maloprodaja\/wp-json\/wp\/v2\/product"}],"about":[{"href":"https:\/\/autostil.ba\/maloprodaja\/wp-json\/wp\/v2\/types\/product"}],"replies":[{"embeddable":true,"href":"https:\/\/autostil.ba\/maloprodaja\/wp-json\/wp\/v2\/comments?post=105992"}],"version-history":[{"count":1,"href":"https:\/\/autostil.ba\/maloprodaja\/wp-json\/wp\/v2\/product\/105992\/revisions"}],"predecessor-version":[{"id":105994,"href":"https:\/\/autostil.ba\/maloprodaja\/wp-json\/wp\/v2\/product\/105992\/revisions\/105994"}],"wp:featuredmedia":[{"embeddable":true,"href":"https:\/\/autostil.ba\/maloprodaja\/wp-json\/wp\/v2\/media\/105993"}],"wp:attachment":[{"href":"https:\/\/autostil.ba\/maloprodaja\/wp-json\/wp\/v2\/media?parent=105992"}],"wp:term":[{"taxonomy":"product_brand","embeddable":true,"href":"https:\/\/autostil.ba\/maloprodaja\/wp-json\/wp\/v2\/product_brand?post=105992"},{"taxonomy":"product_cat","embeddable":true,"href":"https:\/\/autostil.ba\/maloprodaja\/wp-json\/wp\/v2\/product_cat?post=105992"},{"taxonomy":"product_tag","embeddable":true,"href":"https:\/\/autostil.ba\/maloprodaja\/wp-json\/wp\/v2\/product_tag?post=105992"}],"curies":[{"name":"wp","href":"https:\/\/api.w.org\/{rel}","templated":true}]}}