{"id":105772,"date":"2025-07-23T10:43:56","date_gmt":"2025-07-23T08:43:56","guid":{"rendered":"https:\/\/autostil.ba\/maloprodaja\/?post_type=product&#038;p=105772"},"modified":"2026-04-08T11:34:19","modified_gmt":"2026-04-08T09:34:19","slug":"zastitni-sarafi-14x1-5-27r","status":"publish","type":"product","link":"https:\/\/autostil.ba\/maloprodaja\/proizvod\/1857\/zastitni-sarafi-14x1-5-27r\/","title":{"rendered":"ZA\u0160TITNI \u0160ARAFI 14X1.5 27R (SET)"},"content":{"rendered":"","protected":false},"excerpt":{"rendered":"<p>Sigurnosni vijci \u0161tite to\u010dkove od skidanja uobi\u010dajenim alatima. Osiguravanje to\u010dka kvalitetnim vijcima ili maticama je minimalna investicija ako \u017eelite da va\u0161i novi naplatci i gume budu sigurni.<\/p>\n<p><strong>SPECIFIKACIJA:<\/strong><\/p>\n<p>Debljina navoja: 14mm<\/p>\n<p>Korak navoja: 1,5mm<\/p>\n<p>Du\u017eina navoja: 27mm<\/p>\n<p>Glava \u0161arafa: sferna<\/p>\n<p>&nbsp;<\/p>\n<p><strong>SET SAD\u017dI:<\/strong><\/p>\n<p>Sigurnosni \u0161araf x 4<\/p>\n<p>Klju\u010d za \u0161araf x 1<\/p>\n","protected":false},"featured_media":793054892,"comment_status":"open","ping_status":"closed","template":"","meta":{"_acf_changed":false,"inline_featured_image":false},"product_brand":[],"product_cat":[64],"product_tag":[],"class_list":{"0":"post-105772","1":"product","2":"type-product","3":"status-publish","4":"has-post-thumbnail","6":"product_cat-sarafi-za-felge-zastitni-sarafi-matice","8":"first","9":"instock","10":"taxable","11":"shipping-taxable","12":"purchasable","13":"product-type-simple"},"acf":[],"custom_product_id":"1857","_links":{"self":[{"href":"https:\/\/autostil.ba\/maloprodaja\/wp-json\/wp\/v2\/product\/105772","targetHints":{"allow":["GET"]}}],"collection":[{"href":"https:\/\/autostil.ba\/maloprodaja\/wp-json\/wp\/v2\/product"}],"about":[{"href":"https:\/\/autostil.ba\/maloprodaja\/wp-json\/wp\/v2\/types\/product"}],"replies":[{"embeddable":true,"href":"https:\/\/autostil.ba\/maloprodaja\/wp-json\/wp\/v2\/comments?post=105772"}],"version-history":[{"count":2,"href":"https:\/\/autostil.ba\/maloprodaja\/wp-json\/wp\/v2\/product\/105772\/revisions"}],"predecessor-version":[{"id":793054879,"href":"https:\/\/autostil.ba\/maloprodaja\/wp-json\/wp\/v2\/product\/105772\/revisions\/793054879"}],"wp:featuredmedia":[{"embeddable":true,"href":"https:\/\/autostil.ba\/maloprodaja\/wp-json\/wp\/v2\/media\/793054892"}],"wp:attachment":[{"href":"https:\/\/autostil.ba\/maloprodaja\/wp-json\/wp\/v2\/media?parent=105772"}],"wp:term":[{"taxonomy":"product_brand","embeddable":true,"href":"https:\/\/autostil.ba\/maloprodaja\/wp-json\/wp\/v2\/product_brand?post=105772"},{"taxonomy":"product_cat","embeddable":true,"href":"https:\/\/autostil.ba\/maloprodaja\/wp-json\/wp\/v2\/product_cat?post=105772"},{"taxonomy":"product_tag","embeddable":true,"href":"https:\/\/autostil.ba\/maloprodaja\/wp-json\/wp\/v2\/product_tag?post=105772"}],"curies":[{"name":"wp","href":"https:\/\/api.w.org\/{rel}","templated":true}]}}