{"id":105112,"date":"2024-07-18T08:04:26","date_gmt":"2024-07-18T08:04:26","guid":{"rendered":"https:\/\/autostil.ba\/maloprodaja\/?post_type=product&#038;p=105112"},"modified":"2026-04-08T11:33:39","modified_gmt":"2026-04-08T09:33:39","slug":"cep-rezervoara-univerzalni-novi","status":"publish","type":"product","link":"https:\/\/autostil.ba\/maloprodaja\/proizvod\/1002\/cep-rezervoara-univerzalni-novi\/","title":{"rendered":"\u010cEP REZERVOARA UNIVERZALNI NOVI"},"content":{"rendered":"","protected":false},"excerpt":{"rendered":"<p>\u010cEP REZERVOARA UNIVERZALNI NOVI \u010cep rezervoara je napravljen od tvrde plastike otporne na hemikalije koje sadr\u017ee gorivo. Mo\u017ee se koristiti za gotovo svako grlo rezervoara u putni\u010dkim automobilima. Ovaj je proizvod namijenjen samo za hitnu upotrebu.<\/p>\n","protected":false},"featured_media":105113,"comment_status":"open","ping_status":"closed","template":"","meta":{"_acf_changed":false,"inline_featured_image":false},"product_brand":[],"product_cat":[98],"product_tag":[],"class_list":{"0":"post-105112","1":"product","2":"type-product","3":"status-publish","4":"has-post-thumbnail","6":"product_cat-cepovi-za-rezervoar-univerzalni","8":"first","9":"instock","10":"taxable","11":"shipping-taxable","12":"purchasable","13":"product-type-simple"},"acf":[],"custom_product_id":"1002","_links":{"self":[{"href":"https:\/\/autostil.ba\/maloprodaja\/wp-json\/wp\/v2\/product\/105112","targetHints":{"allow":["GET"]}}],"collection":[{"href":"https:\/\/autostil.ba\/maloprodaja\/wp-json\/wp\/v2\/product"}],"about":[{"href":"https:\/\/autostil.ba\/maloprodaja\/wp-json\/wp\/v2\/types\/product"}],"replies":[{"embeddable":true,"href":"https:\/\/autostil.ba\/maloprodaja\/wp-json\/wp\/v2\/comments?post=105112"}],"version-history":[{"count":1,"href":"https:\/\/autostil.ba\/maloprodaja\/wp-json\/wp\/v2\/product\/105112\/revisions"}],"predecessor-version":[{"id":105114,"href":"https:\/\/autostil.ba\/maloprodaja\/wp-json\/wp\/v2\/product\/105112\/revisions\/105114"}],"wp:featuredmedia":[{"embeddable":true,"href":"https:\/\/autostil.ba\/maloprodaja\/wp-json\/wp\/v2\/media\/105113"}],"wp:attachment":[{"href":"https:\/\/autostil.ba\/maloprodaja\/wp-json\/wp\/v2\/media?parent=105112"}],"wp:term":[{"taxonomy":"product_brand","embeddable":true,"href":"https:\/\/autostil.ba\/maloprodaja\/wp-json\/wp\/v2\/product_brand?post=105112"},{"taxonomy":"product_cat","embeddable":true,"href":"https:\/\/autostil.ba\/maloprodaja\/wp-json\/wp\/v2\/product_cat?post=105112"},{"taxonomy":"product_tag","embeddable":true,"href":"https:\/\/autostil.ba\/maloprodaja\/wp-json\/wp\/v2\/product_tag?post=105112"}],"curies":[{"name":"wp","href":"https:\/\/api.w.org\/{rel}","templated":true}]}}